Last updated on 2025-04-29 06:49:44 CEST.
Flavor | Version | Tinstall | Tcheck | Ttotal | Status | Flags |
---|---|---|---|---|---|---|
r-devel-linux-x86_64-debian-clang | 0.0.5 | 3.08 | 107.82 | 110.90 | OK | |
r-devel-linux-x86_64-debian-gcc | 0.0.5 | 2.59 | 70.65 | 73.24 | NOTE | |
r-devel-linux-x86_64-fedora-clang | 0.0.5 | 175.96 | OK | |||
r-devel-linux-x86_64-fedora-gcc | 0.0.5 | 188.97 | OK | |||
r-devel-windows-x86_64 | 0.0.5 | 4.00 | 129.00 | 133.00 | OK | |
r-patched-linux-x86_64 | 0.0.5 | 3.13 | 103.64 | 106.77 | OK | |
r-release-linux-x86_64 | 0.0.5 | 3.34 | 102.84 | 106.18 | OK | |
r-release-macos-arm64 | 0.0.5 | 69.00 | OK | |||
r-release-macos-x86_64 | 0.0.5 | 131.00 | OK | |||
r-release-windows-x86_64 | 0.0.5 | 5.00 | 129.00 | 134.00 | OK | |
r-oldrel-macos-arm64 | 0.0.5 | 63.00 | OK | |||
r-oldrel-macos-x86_64 | 0.0.5 | 110.00 | OK | |||
r-oldrel-windows-x86_64 | 0.0.5 | 6.00 | 164.00 | 170.00 | OK |
Version: 0.0.5
Check: CRAN incoming feasibility
Result: NOTE
Maintainer: ‘Samuel Thomas <samthoma@iu.edu>’
The Description field contains
Monte Carlo" <arXiv:1701.02434>, Thomas, S., Tu, W. (2020) "Learning
Hamiltonian Monte Carlo in R" <arXiv:2006.16194>, Gelman, A., Carlin,
Please refer to arXiv e-prints via their arXiv DOI <doi:10.48550/arXiv.YYMM.NNNNN>.
Flavor: r-devel-linux-x86_64-debian-gcc