Last updated on 2025-04-29 06:49:44 CEST.
Flavor | Version | Tinstall | Tcheck | Ttotal | Status | Flags |
---|---|---|---|---|---|---|
r-devel-linux-x86_64-debian-clang | 1.0-2 | 2.37 | 25.07 | 27.44 | OK | |
r-devel-linux-x86_64-debian-gcc | 1.0-2 | 1.75 | 20.40 | 22.15 | NOTE | |
r-devel-linux-x86_64-fedora-clang | 1.0-2 | 43.41 | OK | |||
r-devel-linux-x86_64-fedora-gcc | 1.0-2 | 53.78 | OK | |||
r-devel-windows-x86_64 | 1.0-2 | 4.00 | 57.00 | 61.00 | OK | |
r-patched-linux-x86_64 | 1.0-2 | 2.49 | 24.06 | 26.55 | OK | |
r-release-linux-x86_64 | 1.0-2 | 2.15 | 24.03 | 26.18 | OK | |
r-release-macos-arm64 | 1.0-2 | 25.00 | OK | |||
r-release-macos-x86_64 | 1.0-2 | 44.00 | OK | |||
r-release-windows-x86_64 | 1.0-2 | 3.00 | 57.00 | 60.00 | OK | |
r-oldrel-macos-arm64 | 1.0-2 | 23.00 | OK | |||
r-oldrel-macos-x86_64 | 1.0-2 | 38.00 | OK | |||
r-oldrel-windows-x86_64 | 1.0-2 | 4.00 | 58.00 | 62.00 | OK |
Version: 1.0-2
Check: CRAN incoming feasibility
Result: NOTE
Maintainer: ‘Christoforos Anagnostopoulos <christoforos.anagnostopoulos06@imperial.ac.uk>’
No Authors@R field in DESCRIPTION.
Please add one, modifying
Authors@R: c(person(given = "Christoforos",
family = "Anagnostopoulos",
role = c("aut", "cre"),
email = "christoforos.anagnostopoulos06@imperial.ac.uk"),
person(given = c("David", "J."),
family = "Hand",
role = "aut",
email = "d.j.hand@imperial.ac.uk"))
as necessary.
Found the following (possibly) invalid file URI:
URI: hmeasure.net
From: README.md
The Description field contains
<http://link.springer.com/article/10.1007/s10994-009-5119-5>, which
Please use permanent DOI markup for linking to publications as in <doi:prefix/suffix>.
Flavor: r-devel-linux-x86_64-debian-gcc