Last updated on 2025-07-04 07:49:30 CEST.
Flavor | Version | Tinstall | Tcheck | Ttotal | Status | Flags |
---|---|---|---|---|---|---|
r-devel-linux-x86_64-debian-clang | 0.10 | 30.76 | 248.45 | 279.21 | OK | |
r-devel-linux-x86_64-debian-gcc | 0.10 | 20.71 | 169.76 | 190.47 | OK | |
r-devel-linux-x86_64-fedora-clang | 0.10 | 421.31 | NOTE | |||
r-devel-linux-x86_64-fedora-gcc | 0.10 | 399.53 | NOTE | |||
r-devel-windows-x86_64 | 0.10 | 27.00 | 214.00 | 241.00 | OK | |
r-patched-linux-x86_64 | 0.10 | 28.11 | 231.97 | 260.08 | OK | |
r-release-linux-x86_64 | 0.10 | 26.59 | 230.15 | 256.74 | OK | |
r-release-macos-arm64 | 0.10 | 143.00 | OK | |||
r-release-macos-x86_64 | 0.10 | 295.00 | OK | |||
r-release-windows-x86_64 | 0.10 | 27.00 | 213.00 | 240.00 | OK | |
r-oldrel-macos-arm64 | 0.10 | 130.00 | OK | |||
r-oldrel-macos-x86_64 | 0.10 | 195.00 | OK | |||
r-oldrel-windows-x86_64 | 0.10 | 39.00 | 283.00 | 322.00 | OK |
Version: 0.10
Check: dependencies in R code
Result: NOTE
Namespaces in Imports field not imported from:
‘knitr’ ‘rmarkdown’
All declared Imports should be used.
Flavors: r-devel-linux-x86_64-fedora-clang, r-devel-linux-x86_64-fedora-gcc