Last updated on 2025-04-28 18:50:11 CEST.
Flavor | Version | Tinstall | Tcheck | Ttotal | Status | Flags |
---|---|---|---|---|---|---|
r-devel-linux-x86_64-debian-clang | 1.1.0 | 1.43 | 16.80 | 18.23 | OK | |
r-devel-linux-x86_64-debian-gcc | 1.1.0 | 1.28 | 13.90 | 15.18 | NOTE | |
r-devel-linux-x86_64-fedora-clang | 1.1.0 | 29.28 | OK | |||
r-devel-linux-x86_64-fedora-gcc | 1.1.0 | 27.87 | OK | |||
r-devel-windows-x86_64 | 1.1.0 | 2.00 | 35.00 | 37.00 | OK | |
r-patched-linux-x86_64 | 1.1.0 | 1.64 | 16.45 | 18.09 | OK | |
r-release-linux-x86_64 | 1.1.0 | 1.37 | 16.49 | 17.86 | OK | |
r-release-macos-arm64 | 1.1.0 | 13.00 | OK | |||
r-release-macos-x86_64 | 1.1.0 | 20.00 | OK | |||
r-release-windows-x86_64 | 1.1.0 | 4.00 | 36.00 | 40.00 | OK | |
r-oldrel-macos-arm64 | 1.1.0 | 12.00 | OK | |||
r-oldrel-macos-x86_64 | 1.1.0 | 17.00 | OK | |||
r-oldrel-windows-x86_64 | 1.1.0 | 3.00 | 33.00 | 36.00 | OK |
Version: 1.1.0
Check: CRAN incoming feasibility
Result: NOTE
Maintainer: ‘Francis Huang <huangf@missouri.edu>’
No Authors@R field in DESCRIPTION.
Please add one, modifying
Authors@R: person(given = "Francis",
family = "Huang",
role = c("aut", "cre"),
email = "huangf@missouri.edu")
as necessary.
The Description field contains
<https://link.springer.com/article/10.1007/BF02289447>). Users then
Please use permanent DOI markup for linking to publications as in <doi:prefix/suffix>.
Flavor: r-devel-linux-x86_64-debian-gcc