Last updated on 2025-04-28 18:50:11 CEST.
Flavor | Version | Tinstall | Tcheck | Ttotal | Status | Flags |
---|---|---|---|---|---|---|
r-devel-linux-x86_64-debian-clang | 0.23 | 10.99 | 99.01 | 110.00 | OK | --no-tests --no-vignettes |
r-devel-linux-x86_64-debian-gcc | 0.23 | 9.46 | 73.94 | 83.40 | NOTE | --no-tests --no-vignettes |
r-devel-linux-x86_64-fedora-clang | 0.23 | 748.61 | OK | |||
r-devel-linux-x86_64-fedora-gcc | 0.23 | 1190.85 | OK | |||
r-devel-windows-x86_64 | 0.23 | 13.00 | 139.00 | 152.00 | OK | --no-vignettes |
r-patched-linux-x86_64 | 0.23 | 12.61 | 97.60 | 110.21 | OK | --no-tests --no-vignettes |
r-release-linux-x86_64 | 0.23 | 11.48 | 97.27 | 108.75 | OK | --no-tests --no-vignettes |
r-release-macos-arm64 | 0.23 | 474.00 | OK | |||
r-release-macos-x86_64 | 0.23 | 571.00 | OK | |||
r-release-windows-x86_64 | 0.23 | 14.00 | 248.00 | 262.00 | OK | --no-vignettes |
r-oldrel-macos-arm64 | 0.23 | 299.00 | OK | |||
r-oldrel-macos-x86_64 | 0.23 | 549.00 | OK | |||
r-oldrel-windows-x86_64 | 0.23 | 18.00 | 290.00 | 308.00 | OK | --no-vignettes |
Version: 0.23
Flags: --no-tests --no-vignettes
Check: CRAN incoming feasibility
Result: NOTE
Maintainer: ‘Joshua N. Pritikin <jpritikin@pobox.com>’
Package CITATION file contains call(s) to old-style citEntry(). Please
use bibentry() instead.
Flavor: r-devel-linux-x86_64-debian-gcc