CRAN Package Check Results for Package ig.degree.betweenness

Last updated on 2025-04-28 18:50:11 CEST.

Flavor Version Tinstall Tcheck Ttotal Status Flags
r-devel-linux-x86_64-debian-clang 0.1.1 2.77 50.02 52.79 OK
r-devel-linux-x86_64-debian-gcc 0.1.1 2.43 36.52 38.95 NOTE
r-devel-linux-x86_64-fedora-clang 0.1.1 83.32 OK
r-devel-linux-x86_64-fedora-gcc 0.1.1 80.39 OK
r-devel-windows-x86_64 0.1.1 4.00 66.00 70.00 OK
r-patched-linux-x86_64 0.1.1 3.24 47.86 51.10 OK
r-release-linux-x86_64 0.1.1 3.00 48.32 51.32 OK
r-release-macos-arm64 0.1.1 35.00 OK
r-release-macos-x86_64 0.1.1 45.00 OK
r-release-windows-x86_64 0.1.1 4.00 66.00 70.00 OK
r-oldrel-macos-arm64 0.1.1 30.00 OK
r-oldrel-macos-x86_64 0.1.1 50.00 OK
r-oldrel-windows-x86_64 0.1.1 6.00 79.00 85.00 OK

Check Details

Version: 0.1.1
Check: examples
Result: NOTE Examples with CPU (user + system) or elapsed time > 5s user system elapsed cluster_degree_betweenness 6.322 0.151 7.583 prep_unlabeled_graph 6.046 0.193 7.206 Flavor: r-devel-linux-x86_64-debian-gcc