Last updated on 2025-04-28 18:50:11 CEST.
Flavor | Version | Tinstall | Tcheck | Ttotal | Status | Flags |
---|---|---|---|---|---|---|
r-devel-linux-x86_64-debian-clang | 1.0 | 2.71 | 23.86 | 26.57 | NOTE | |
r-devel-linux-x86_64-debian-gcc | 1.0 | 1.87 | 18.92 | 20.79 | NOTE | |
r-devel-linux-x86_64-fedora-clang | 1.0 | 42.03 | NOTE | |||
r-devel-linux-x86_64-fedora-gcc | 1.0 | 40.17 | NOTE | |||
r-devel-windows-x86_64 | 1.0 | 4.00 | 45.00 | 49.00 | NOTE | |
r-patched-linux-x86_64 | 1.0 | 2.57 | 23.11 | 25.68 | NOTE | |
r-release-linux-x86_64 | 1.0 | 2.36 | 23.35 | 25.71 | NOTE | |
r-release-macos-arm64 | 1.0 | 21.00 | NOTE | |||
r-release-macos-x86_64 | 1.0 | 26.00 | NOTE | |||
r-release-windows-x86_64 | 1.0 | 5.00 | 45.00 | 50.00 | NOTE | |
r-oldrel-macos-arm64 | 1.0 | 19.00 | NOTE | |||
r-oldrel-macos-x86_64 | 1.0 | 29.00 | NOTE | |||
r-oldrel-windows-x86_64 | 1.0 | 4.00 | 47.00 | 51.00 | NOTE |
Version: 1.0
Check: DESCRIPTION meta-information
Result: NOTE
Malformed Description field: should contain one or more complete sentences.
Flavors: r-devel-linux-x86_64-debian-clang, r-devel-linux-x86_64-debian-gcc, r-devel-linux-x86_64-fedora-clang, r-devel-linux-x86_64-fedora-gcc, r-devel-windows-x86_64, r-patched-linux-x86_64, r-release-linux-x86_64, r-release-macos-arm64, r-release-macos-x86_64, r-release-windows-x86_64, r-oldrel-macos-arm64, r-oldrel-macos-x86_64, r-oldrel-windows-x86_64
Version: 1.0
Check: CRAN incoming feasibility
Result: NOTE
Maintainer: ‘Sean J Westwood <seanjw@stanford.edu>’
No Authors@R field in DESCRIPTION.
Please add one, modifying
Authors@R: person(given = c("Sean", "J"),
family = "Westwood",
role = c("aut", "cre"),
email = "seanjw@stanford.edu")
as necessary.
Flavor: r-devel-linux-x86_64-debian-gcc