Last updated on 2025-07-04 07:49:30 CEST.
Flavor | Version | Tinstall | Tcheck | Ttotal | Status | Flags |
---|---|---|---|---|---|---|
r-devel-linux-x86_64-debian-clang | 1.2 | 39.23 | 108.14 | 147.37 | NOTE | |
r-devel-linux-x86_64-debian-gcc | 1.2 | 24.46 | 76.12 | 100.58 | NOTE | |
r-devel-linux-x86_64-fedora-clang | 1.2 | 251.09 | OK | |||
r-devel-linux-x86_64-fedora-gcc | 1.2 | 221.16 | OK | |||
r-devel-windows-x86_64 | 1.2 | 46.00 | 130.00 | 176.00 | OK | |
r-patched-linux-x86_64 | 1.2 | 38.00 | 100.49 | 138.49 | OK | |
r-release-linux-x86_64 | 1.2 | 35.69 | 101.27 | 136.96 | OK | |
r-release-macos-arm64 | 1.2 | 59.00 | OK | |||
r-release-macos-x86_64 | 1.2 | 99.00 | OK | |||
r-release-windows-x86_64 | 1.2 | 46.00 | 135.00 | 181.00 | OK | |
r-oldrel-macos-arm64 | 1.2 | 60.00 | OK | |||
r-oldrel-macos-x86_64 | 1.2 | 84.00 | OK | |||
r-oldrel-windows-x86_64 | 1.2 | 59.00 | 169.00 | 228.00 | OK |
Version: 1.2
Check: CRAN incoming feasibility
Result: NOTE
Maintainer: ‘Quentin Giai Gianetto <quentin2g@yahoo.fr>’
No Authors@R field in DESCRIPTION.
Please add one, modifying
Authors@R: person(given = c("Quentin", "Giai"),
family = "Gianetto",
role = c("aut", "cre"),
email = "quentin2g@yahoo.fr")
as necessary.
Flavors: r-devel-linux-x86_64-debian-clang, r-devel-linux-x86_64-debian-gcc