CRAN Package Check Results for Package imprecise101

Last updated on 2025-07-04 19:50:21 CEST.

Flavor Version Tinstall Tcheck Ttotal Status Flags
r-devel-linux-x86_64-debian-clang 0.2.2.4 1.82 26.64 28.46 OK
r-devel-linux-x86_64-debian-gcc 0.2.2.4 1.52 21.50 23.02 OK
r-devel-linux-x86_64-fedora-clang 0.2.2.4 46.34 NOTE
r-devel-linux-x86_64-fedora-gcc 0.2.2.4 55.32 NOTE
r-devel-windows-x86_64 0.2.2.4 3.00 46.00 49.00 OK
r-patched-linux-x86_64 0.2.2.4 1.52 25.34 26.86 OK
r-release-linux-x86_64 0.2.2.4 1.82 25.33 27.15 OK
r-release-macos-arm64 0.2.2.4 24.00 OK
r-release-macos-x86_64 0.2.2.4 44.00 OK
r-release-windows-x86_64 0.2.2.4 4.00 46.00 50.00 OK
r-oldrel-macos-arm64 0.2.2.4 23.00 OK
r-oldrel-macos-x86_64 0.2.2.4 34.00 OK
r-oldrel-windows-x86_64 0.2.2.4 4.00 57.00 61.00 OK

Check Details

Version: 0.2.2.4
Check: dependencies in R code
Result: NOTE Namespace in Imports field not imported from: ‘pscl’ All declared Imports should be used. Flavors: r-devel-linux-x86_64-fedora-clang, r-devel-linux-x86_64-fedora-gcc