Last updated on 2025-07-04 07:49:31 CEST.
Flavor | Version | Tinstall | Tcheck | Ttotal | Status | Flags |
---|---|---|---|---|---|---|
r-devel-linux-x86_64-debian-clang | 0.2.2 | 152.31 | 48.83 | 201.14 | NOTE | |
r-devel-linux-x86_64-debian-gcc | 0.2.2 | 115.61 | 35.61 | 151.22 | NOTE | |
r-devel-linux-x86_64-fedora-clang | 0.2.2 | 386.80 | NOTE | |||
r-devel-linux-x86_64-fedora-gcc | 0.2.2 | 369.44 | NOTE | |||
r-devel-windows-x86_64 | 0.2.2 | 166.00 | 92.00 | 258.00 | NOTE | |
r-patched-linux-x86_64 | 0.2.2 | 172.13 | 44.82 | 216.95 | NOTE | |
r-release-linux-x86_64 | 0.2.2 | 168.71 | 44.43 | 213.14 | NOTE | |
r-release-macos-arm64 | 0.2.2 | 77.00 | NOTE | |||
r-release-macos-x86_64 | 0.2.2 | 98.00 | NOTE | |||
r-release-windows-x86_64 | 0.2.2 | 170.00 | 98.00 | 268.00 | NOTE | |
r-oldrel-macos-arm64 | 0.2.2 | 81.00 | NOTE | |||
r-oldrel-macos-x86_64 | 0.2.2 | 79.00 | NOTE | |||
r-oldrel-windows-x86_64 | 0.2.2 | 200.00 | 112.00 | 312.00 | NOTE |
Version: 0.2.2
Check: C++ specification
Result: NOTE
Specified C++11: please drop specification unless essential
Flavors: r-devel-linux-x86_64-debian-clang, r-devel-linux-x86_64-debian-gcc, r-devel-linux-x86_64-fedora-clang, r-devel-linux-x86_64-fedora-gcc, r-devel-windows-x86_64, r-patched-linux-x86_64, r-release-linux-x86_64, r-release-macos-arm64, r-release-macos-x86_64, r-release-windows-x86_64, r-oldrel-macos-arm64, r-oldrel-macos-x86_64, r-oldrel-windows-x86_64
Version: 0.2.2
Check: Rd files
Result: NOTE
checkRd: (-1) cox_cure_net.Rd:132: Lost braces
132 | \code{surv_lambda} (or code{cure_lambda}) that produces all-zero
| ^
Flavors: r-devel-linux-x86_64-debian-clang, r-devel-linux-x86_64-debian-gcc, r-devel-linux-x86_64-fedora-clang, r-devel-linux-x86_64-fedora-gcc, r-devel-windows-x86_64, r-patched-linux-x86_64, r-release-linux-x86_64, r-release-macos-arm64, r-release-macos-x86_64, r-release-windows-x86_64, r-oldrel-macos-arm64, r-oldrel-macos-x86_64, r-oldrel-windows-x86_64
Version: 0.2.2
Check: installed package size
Result: NOTE
installed size is 11.4Mb
sub-directories of 1Mb or more:
libs 10.7Mb
Flavors: r-oldrel-macos-arm64, r-oldrel-macos-x86_64
Version: 0.2.2
Check: LazyData
Result: NOTE
'LazyData' is specified without a 'data' directory
Flavors: r-oldrel-macos-arm64, r-oldrel-macos-x86_64, r-oldrel-windows-x86_64