Last updated on 2025-04-28 18:50:12 CEST.
Flavor | Version | Tinstall | Tcheck | Ttotal | Status | Flags |
---|---|---|---|---|---|---|
r-devel-linux-x86_64-debian-clang | 2.0-0 | 32.48 | 361.30 | 393.78 | OK | |
r-devel-linux-x86_64-debian-gcc | 2.0-0 | 25.16 | 244.25 | 269.41 | NOTE | |
r-devel-linux-x86_64-fedora-clang | 2.0-0 | 625.97 | OK | |||
r-devel-linux-x86_64-fedora-gcc | 2.0-0 | 606.16 | OK | |||
r-devel-windows-x86_64 | 2.0-0 | 31.00 | 285.00 | 316.00 | OK | |
r-patched-linux-x86_64 | 2.0-0 | 35.45 | 346.65 | 382.10 | OK | |
r-release-linux-x86_64 | 2.0-0 | 33.94 | 343.49 | 377.43 | OK | |
r-release-macos-arm64 | 2.0-0 | 173.00 | OK | |||
r-release-macos-x86_64 | 2.0-0 | 357.00 | OK | |||
r-release-windows-x86_64 | 2.0-0 | 31.00 | 278.00 | 309.00 | OK | |
r-oldrel-macos-arm64 | 2.0-0 | 145.00 | OK | |||
r-oldrel-macos-x86_64 | 2.0-0 | 234.00 | OK | |||
r-oldrel-windows-x86_64 | 2.0-0 | 44.00 | 399.00 | 443.00 | OK |
Version: 2.0-0
Check: CRAN incoming feasibility
Result: NOTE
Maintainer: ‘Jemma Stachelek <jemma.stachelek@gmail.com>’
Package CITATION file contains call(s) to old-style personList() or
as.personList(). Please use c() on person objects instead.
Package CITATION file contains call(s) to old-style citEntry(). Please
use bibentry() instead.
Flavor: r-devel-linux-x86_64-debian-gcc