CRAN Package Check Results for Package ipfp

Last updated on 2025-05-05 18:50:07 CEST.

Flavor Version Tinstall Tcheck Ttotal Status Flags
r-devel-linux-x86_64-debian-clang 1.0.2 1.80 16.12 17.92 NOTE
r-devel-linux-x86_64-debian-gcc 1.0.2 1.70 13.30 15.00 NOTE
r-devel-linux-x86_64-fedora-clang 1.0.2 28.30 OK
r-devel-linux-x86_64-fedora-gcc 1.0.2 27.56 OK
r-devel-windows-x86_64 1.0.2 6.00 36.00 42.00 OK
r-patched-linux-x86_64 1.0.2 1.96 15.49 17.45 OK
r-release-linux-x86_64 1.0.2 1.97 15.45 17.42 OK
r-release-macos-arm64 1.0.2 17.00 OK
r-release-macos-x86_64 1.0.2 24.00 OK
r-release-windows-x86_64 1.0.2 6.00 41.00 47.00 OK
r-oldrel-macos-arm64 1.0.2 16.00 OK
r-oldrel-macos-x86_64 1.0.2 20.00 OK
r-oldrel-windows-x86_64 1.0.2 5.00 36.00 41.00 OK

Check Details

Version: 1.0.2
Check: CRAN incoming feasibility
Result: NOTE Maintainer: ‘Alexander W Blocker <ablocker@gmail.com>’ No Authors@R field in DESCRIPTION. Please add one, modifying Authors@R: person(given = c("Alexander", "W"), family = "Blocker", role = c("aut", "cre"), email = "ablocker@gmail.com") as necessary. Flavors: r-devel-linux-x86_64-debian-clang, r-devel-linux-x86_64-debian-gcc