Last updated on 2025-04-28 18:50:12 CEST.
Flavor | Version | Tinstall | Tcheck | Ttotal | Status | Flags |
---|---|---|---|---|---|---|
r-devel-linux-x86_64-debian-clang | 0.3.6 | 4.79 | 33.58 | 38.37 | OK | |
r-devel-linux-x86_64-debian-gcc | 0.3.6 | 3.44 | 25.70 | 29.14 | NOTE | |
r-devel-linux-x86_64-fedora-clang | 0.3.6 | 59.79 | OK | |||
r-devel-linux-x86_64-fedora-gcc | 0.3.6 | 59.29 | OK | |||
r-devel-windows-x86_64 | 0.3.6 | 7.00 | 59.00 | 66.00 | OK | |
r-patched-linux-x86_64 | 0.3.6 | 4.85 | 33.08 | 37.93 | OK | |
r-release-linux-x86_64 | 0.3.6 | 4.54 | 32.63 | 37.17 | OK | |
r-release-macos-arm64 | 0.3.6 | 26.00 | OK | |||
r-release-macos-x86_64 | 0.3.6 | 37.00 | OK | |||
r-release-windows-x86_64 | 0.3.6 | 8.00 | 59.00 | 67.00 | OK | |
r-oldrel-macos-arm64 | 0.3.6 | 22.00 | OK | |||
r-oldrel-macos-x86_64 | 0.3.6 | 34.00 | OK | |||
r-oldrel-windows-x86_64 | 0.3.6 | 9.00 | 66.00 | 75.00 | OK |
Version: 0.3.6
Check: CRAN incoming feasibility
Result: NOTE
Maintainer: ‘Gabor Csardi <csardi.gabor@gmail.com>’
No Authors@R field in DESCRIPTION.
Please add one, modifying
Authors@R: person(given = "Gabor",
family = "Csardi",
role = c("aut", "cre"),
email = "csardi.gabor@gmail.com")
as necessary.
Flavor: r-devel-linux-x86_64-debian-gcc