Last updated on 2025-07-04 07:49:31 CEST.
Flavor | Version | Tinstall | Tcheck | Ttotal | Status | Flags |
---|---|---|---|---|---|---|
r-devel-linux-x86_64-debian-clang | 1.1.1 | 155.44 | 31.11 | 186.55 | NOTE | |
r-devel-linux-x86_64-debian-gcc | 1.1.1 | 104.94 | 25.20 | 130.14 | NOTE | |
r-devel-linux-x86_64-fedora-clang | 1.1.1 | 379.10 | NOTE | |||
r-devel-linux-x86_64-fedora-gcc | 1.1.1 | 281.54 | NOTE | |||
r-devel-windows-x86_64 | 1.1.1 | 177.00 | 78.00 | 255.00 | NOTE | |
r-patched-linux-x86_64 | 1.1.1 | 153.10 | 29.33 | 182.43 | NOTE | |
r-release-linux-x86_64 | 1.1.1 | 150.87 | 28.99 | 179.86 | NOTE | |
r-release-macos-arm64 | 1.1.1 | 73.00 | NOTE | |||
r-release-macos-x86_64 | 1.1.1 | 81.00 | NOTE | |||
r-release-windows-x86_64 | 1.1.1 | 182.00 | 78.00 | 260.00 | NOTE | |
r-oldrel-macos-arm64 | 1.1.1 | 76.00 | NOTE | |||
r-oldrel-macos-x86_64 | 1.1.1 | 72.00 | NOTE | |||
r-oldrel-windows-x86_64 | 1.1.1 | 214.00 | 90.00 | 304.00 | NOTE |
Version: 1.1.1
Check: C++ specification
Result: NOTE
Specified C++11: please drop specification unless essential
Flavors: r-devel-linux-x86_64-debian-clang, r-devel-linux-x86_64-debian-gcc, r-devel-linux-x86_64-fedora-clang, r-devel-linux-x86_64-fedora-gcc, r-devel-windows-x86_64, r-patched-linux-x86_64, r-release-linux-x86_64, r-release-macos-arm64, r-release-macos-x86_64, r-release-windows-x86_64, r-oldrel-macos-arm64, r-oldrel-macos-x86_64, r-oldrel-windows-x86_64
Version: 1.1.1
Check: installed package size
Result: NOTE
installed size is 6.6Mb
sub-directories of 1Mb or more:
data 1.1Mb
libs 5.4Mb
Flavors: r-oldrel-macos-arm64, r-oldrel-macos-x86_64