Last updated on 2025-04-28 18:50:12 CEST.
Flavor | Version | Tinstall | Tcheck | Ttotal | Status | Flags |
---|---|---|---|---|---|---|
r-devel-linux-x86_64-debian-clang | 1.0.2 | 8.15 | 68.70 | 76.85 | OK | |
r-devel-linux-x86_64-debian-gcc | 1.0.2 | 5.25 | 53.05 | 58.30 | NOTE | |
r-devel-linux-x86_64-fedora-clang | 1.0.2 | 127.27 | OK | |||
r-devel-linux-x86_64-fedora-gcc | 1.0.2 | 130.51 | OK | |||
r-devel-windows-x86_64 | 1.0.2 | 14.00 | 111.00 | 125.00 | OK | |
r-patched-linux-x86_64 | 1.0.2 | 7.37 | 67.16 | 74.53 | OK | |
r-release-linux-x86_64 | 1.0.2 | 6.67 | 67.62 | 74.29 | OK | |
r-release-macos-arm64 | 1.0.2 | 50.00 | OK | |||
r-release-macos-x86_64 | 1.0.2 | 137.00 | OK | |||
r-release-windows-x86_64 | 1.0.2 | 12.00 | 109.00 | 121.00 | OK | |
r-oldrel-macos-arm64 | 1.0.2 | 53.00 | OK | |||
r-oldrel-macos-x86_64 | 1.0.2 | 76.00 | OK | |||
r-oldrel-windows-x86_64 | 1.0.2 | 15.00 | 126.00 | 141.00 | OK |
Version: 1.0.2
Check: CRAN incoming feasibility
Result: NOTE
Maintainer: ‘Morgane Pierre-Jean <mpierrejean.pro@gmail.com>’
Package CITATION file contains call(s) to old-style personList() or
as.personList(). Please use c() on person objects instead.
Package CITATION file contains call(s) to old-style citEntry(). Please
use bibentry() instead.
Found the following (possibly) invalid file URI:
URI: arxiv.org/arXiv:1106.4199
From: man/multiplyXtXBySparse.Rd
Flavor: r-devel-linux-x86_64-debian-gcc
Version: 1.0.2
Check: examples
Result: NOTE
Examples with CPU (user + system) or elapsed time > 5s
user system elapsed
getCopyNumberDataByResampling 4.139 0.081 5.824
Flavor: r-devel-linux-x86_64-debian-gcc