Last updated on 2025-07-04 07:49:31 CEST.
Flavor | Version | Tinstall | Tcheck | Ttotal | Status | Flags |
---|---|---|---|---|---|---|
r-devel-linux-x86_64-debian-clang | 2.7-6 | 78.54 | 218.87 | 297.41 | NOTE | |
r-devel-linux-x86_64-debian-gcc | 2.7-6 | 60.07 | 137.67 | 197.74 | NOTE | |
r-devel-linux-x86_64-fedora-clang | 2.7-6 | 438.80 | OK | |||
r-devel-linux-x86_64-fedora-gcc | 2.7-6 | 431.73 | OK | |||
r-devel-windows-x86_64 | 2.7-6 | 80.00 | 198.00 | 278.00 | OK | |
r-patched-linux-x86_64 | 2.7-6 | 85.96 | 203.20 | 289.16 | OK | |
r-release-linux-x86_64 | 2.7-6 | 85.45 | 201.46 | 286.91 | OK | |
r-release-macos-arm64 | 2.7-6 | 132.00 | OK | |||
r-release-macos-x86_64 | 2.7-6 | 223.00 | OK | |||
r-release-windows-x86_64 | 2.7-6 | 85.00 | 203.00 | 288.00 | OK | |
r-oldrel-macos-arm64 | 2.7-6 | 106.00 | OK | |||
r-oldrel-macos-x86_64 | 2.7-6 | 159.00 | OK | |||
r-oldrel-windows-x86_64 | 2.7-6 | 110.00 | 252.00 | 362.00 | OK |
Version: 2.7-6
Check: CRAN incoming feasibility
Result: NOTE
Maintainer: ‘Matteo Quartagno <m.quartagno@ucl.ac.uk>’
No Authors@R field in DESCRIPTION.
Please add one, modifying
Authors@R: c(person(given = "Matteo",
family = "Quartagno",
role = c("aut", "cre"),
email = "m.quartagno@ucl.ac.uk"),
person(given = "James",
family = "Carpenter",
role = "aut"))
as necessary.
Flavors: r-devel-linux-x86_64-debian-clang, r-devel-linux-x86_64-debian-gcc