Last updated on 2025-07-04 07:49:31 CEST.
Flavor | Version | Tinstall | Tcheck | Ttotal | Status | Flags |
---|---|---|---|---|---|---|
r-devel-linux-x86_64-debian-clang | 0.2.4 | 5.78 | 121.36 | 127.14 | NOTE | |
r-devel-linux-x86_64-debian-gcc | 0.2.4 | 3.46 | 90.56 | 94.02 | NOTE | |
r-devel-linux-x86_64-fedora-clang | 0.2.4 | 188.91 | NOTE | |||
r-devel-linux-x86_64-fedora-gcc | 0.2.4 | 190.31 | NOTE | |||
r-devel-windows-x86_64 | 0.2.4 | 6.00 | 135.00 | 141.00 | NOTE | |
r-patched-linux-x86_64 | 0.2.4 | 6.96 | 115.61 | 122.57 | NOTE | |
r-release-linux-x86_64 | 0.2.4 | 5.26 | 115.85 | 121.11 | NOTE | |
r-release-macos-arm64 | 0.2.4 | 82.00 | NOTE | |||
r-release-macos-x86_64 | 0.2.4 | 155.00 | NOTE | |||
r-release-windows-x86_64 | 0.2.4 | 7.00 | 132.00 | 139.00 | NOTE | |
r-oldrel-macos-arm64 | 0.2.4 | 63.00 | OK | |||
r-oldrel-macos-x86_64 | 0.2.4 | 171.00 | OK | |||
r-oldrel-windows-x86_64 | 0.2.4 | 8.00 | 167.00 | 175.00 | OK |
Version: 0.2.4
Check: DESCRIPTION meta-information
Result: NOTE
Missing dependency on R >= 4.2.0 because package code uses the pipe
placeholder syntax added in R 4.2.0.
File(s) using such syntax:
‘joyn-merge.R’
Flavors: r-devel-linux-x86_64-debian-clang, r-devel-linux-x86_64-debian-gcc, r-devel-linux-x86_64-fedora-clang, r-devel-linux-x86_64-fedora-gcc, r-devel-windows-x86_64, r-patched-linux-x86_64, r-release-linux-x86_64, r-release-macos-arm64, r-release-macos-x86_64, r-release-windows-x86_64