Last updated on 2025-04-28 18:50:12 CEST.
Flavor | Version | Tinstall | Tcheck | Ttotal | Status | Flags |
---|---|---|---|---|---|---|
r-devel-linux-x86_64-debian-clang | 2.1.1 | 4.34 | 30.56 | 34.90 | OK | |
r-devel-linux-x86_64-debian-gcc | 2.1.1 | 2.57 | 23.79 | 26.36 | NOTE | |
r-devel-linux-x86_64-fedora-clang | 2.1.1 | 55.05 | OK | |||
r-devel-linux-x86_64-fedora-gcc | 2.1.1 | 52.91 | OK | |||
r-devel-windows-x86_64 | 2.1.1 | 5.00 | 53.00 | 58.00 | OK | |
r-patched-linux-x86_64 | 2.1.1 | 4.91 | 29.86 | 34.77 | OK | |
r-release-linux-x86_64 | 2.1.1 | 3.83 | 29.88 | 33.71 | OK | |
r-release-macos-arm64 | 2.1.1 | 19.00 | OK | |||
r-release-macos-x86_64 | 2.1.1 | 43.00 | OK | |||
r-release-windows-x86_64 | 2.1.1 | 5.00 | 59.00 | 64.00 | OK | |
r-oldrel-macos-arm64 | 2.1.1 | 19.00 | OK | |||
r-oldrel-macos-x86_64 | 2.1.1 | 27.00 | OK | |||
r-oldrel-windows-x86_64 | 2.1.1 | 4.00 | 52.00 | 56.00 | OK |
Version: 2.1.1
Check: CRAN incoming feasibility
Result: NOTE
Maintainer: ‘Giuseppe Guarino <giuseppe.guarino@rete.basilicata.it>’
No Authors@R field in DESCRIPTION.
Please add one, modifying
Authors@R: c(person(given = c("Elvira", "Di"),
family = "Nardo",
role = "aut",
email = "elvira.dinardo@unito.it"),
person(given = "Giuseppe",
family = "Guarino",
role = c("aut", "cre"),
email = "giuseppe.guarino@rete.basilicata.it"))
as necessary.
The Description field contains
(2009) <arXiv:0807.5008>, <arXiv:1012.6008>.
Please refer to arXiv e-prints via their arXiv DOI <doi:10.48550/arXiv.YYMM.NNNNN>.
Flavor: r-devel-linux-x86_64-debian-gcc