Last updated on 2025-07-03 19:50:31 CEST.
Flavor | Version | Tinstall | Tcheck | Ttotal | Status | Flags |
---|---|---|---|---|---|---|
r-devel-linux-x86_64-debian-clang | 0.1.1 | 6.25 | 69.96 | 76.21 | ERROR | |
r-devel-linux-x86_64-debian-gcc | 0.1.1 | 4.18 | 53.69 | 57.87 | ERROR | |
r-devel-linux-x86_64-fedora-clang | 0.1.1 | 115.94 | ERROR | |||
r-devel-linux-x86_64-fedora-gcc | 0.1.1 | 120.30 | ERROR | |||
r-devel-windows-x86_64 | 0.1.1 | 9.00 | 92.00 | 101.00 | OK | |
r-patched-linux-x86_64 | 0.1.1 | 6.44 | 63.93 | 70.37 | ERROR | |
r-release-linux-x86_64 | 0.1.1 | 5.87 | 63.75 | 69.62 | ERROR | |
r-release-macos-arm64 | 0.1.1 | 53.00 | OK | |||
r-release-macos-x86_64 | 0.1.1 | 107.00 | OK | |||
r-release-windows-x86_64 | 0.1.1 | 11.00 | 91.00 | 102.00 | OK | |
r-oldrel-macos-arm64 | 0.1.1 | 54.00 | OK | |||
r-oldrel-macos-x86_64 | 0.1.1 | 87.00 | OK | |||
r-oldrel-windows-x86_64 | 0.1.1 | 12.00 | 114.00 | 126.00 | OK |
Version: 0.1.1
Check: examples
Result: ERROR
Running examples in ‘karel-Ex.R’ failed
The error most likely occurred in:
> base::assign(".ptime", proc.time(), pos = "CheckExEnv")
> ### Name: acciones
> ### Title: Acciones que Karel puede realizar
> ### Aliases: acciones avanzar girar_izquierda poner_coso juntar_coso
> ### girar_derecha darse_vuelta
>
> ### ** Examples
>
> generar_mundo("mundo001")
> avanzar()
> juntar_coso()
> girar_izquierda()
> poner_coso()
> ejecutar_acciones()
Error in `png_dim()`:
! Provided file
(/home/hornik/tmp/scratch/RtmpJC0gwq/2647b52d7f9c52/gganim_plot0001.png) does
not exist
Backtrace:
▆
1. └─karel::ejecutar_acciones()
2. ├─base::suppressWarnings(...)
3. │ └─base::withCallingHandlers(...)
4. ├─gganimate::animate(...)
5. └─gganimate:::animate.gganim(...)
6. └─args$renderer(frames_vars$frame_source, args$fps)
7. └─gganimate:::png_dim(frames[1])
8. └─cli::cli_abort("Provided file ({file}) does not exist")
9. └─rlang::abort(...)
Execution halted
Flavor: r-devel-linux-x86_64-debian-clang
Version: 0.1.1
Check: tests
Result: ERROR
Running ‘testthat.R’ [7s/10s]
Running the tests in ‘tests/testthat.R’ failed.
Complete output:
> library(testthat)
> library(karel)
>
> test_check("karel")
[ FAIL 2 | WARN 2 | SKIP 0 | PASS 78 ]
══ Failed tests ════════════════════════════════════════════════════════════════
── Error ('test-actions.R:16:3'): Karel's actions perform as expected ──────────
Error in `png_dim(frames[1])`: Provided file
(/home/hornik/tmp/scratch/RtmpdCg3h9/264f0090608d1/gganim_plot0001.png) does
not exist
Backtrace:
▆
1. └─karel::ejecutar_acciones() at test-actions.R:16:3
2. ├─base::suppressWarnings(...)
3. │ └─base::withCallingHandlers(...)
4. ├─gganimate::animate(...)
5. └─gganimate:::animate.gganim(...)
6. └─args$renderer(frames_vars$frame_source, args$fps)
7. └─gganimate:::png_dim(frames[1])
8. └─cli::cli_abort("Provided file ({file}) does not exist")
9. └─rlang::abort(...)
── Error ('test-english_wrapers.R:39:3'): Karel's actions and superpowers perform as expected in English ──
Error in `png_dim(frames[1])`: Provided file
(/home/hornik/tmp/scratch/RtmpdCg3h9/264f004f5e3a41/gganim_plot0001.png) does
not exist
Backtrace:
▆
1. └─karel::run_actions() at test-english_wrapers.R:39:3
2. └─karel::ejecutar_acciones(repetir = loop)
3. ├─base::suppressWarnings(...)
4. │ └─base::withCallingHandlers(...)
5. ├─gganimate::animate(...)
6. └─gganimate:::animate.gganim(...)
7. └─args$renderer(frames_vars$frame_source, args$fps)
8. └─gganimate:::png_dim(frames[1])
9. └─cli::cli_abort("Provided file ({file}) does not exist")
10. └─rlang::abort(...)
[ FAIL 2 | WARN 2 | SKIP 0 | PASS 78 ]
Error: Test failures
Execution halted
Flavor: r-devel-linux-x86_64-debian-clang
Version: 0.1.1
Check: examples
Result: ERROR
Running examples in ‘karel-Ex.R’ failed
The error most likely occurred in:
> base::assign(".ptime", proc.time(), pos = "CheckExEnv")
> ### Name: acciones
> ### Title: Acciones que Karel puede realizar
> ### Aliases: acciones avanzar girar_izquierda poner_coso juntar_coso
> ### girar_derecha darse_vuelta
>
> ### ** Examples
>
> generar_mundo("mundo001")
> avanzar()
> juntar_coso()
> girar_izquierda()
> poner_coso()
> ejecutar_acciones()
Error in `png_dim()`:
! Provided file (/tmp/Rtmp3GlsYX/197e68e825430/gganim_plot0001.png) does
not exist
Backtrace:
▆
1. └─karel::ejecutar_acciones()
2. ├─base::suppressWarnings(...)
3. │ └─base::withCallingHandlers(...)
4. ├─gganimate::animate(...)
5. └─gganimate:::animate.gganim(...)
6. └─args$renderer(frames_vars$frame_source, args$fps)
7. └─gganimate:::png_dim(frames[1])
8. └─cli::cli_abort("Provided file ({file}) does not exist")
9. └─rlang::abort(...)
Execution halted
Flavor: r-devel-linux-x86_64-debian-gcc
Version: 0.1.1
Check: tests
Result: ERROR
Running ‘testthat.R’ [5s/6s]
Running the tests in ‘tests/testthat.R’ failed.
Complete output:
> library(testthat)
> library(karel)
>
> test_check("karel")
[ FAIL 2 | WARN 2 | SKIP 0 | PASS 78 ]
══ Failed tests ════════════════════════════════════════════════════════════════
── Error ('test-actions.R:16:3'): Karel's actions perform as expected ──────────
Error in `png_dim(frames[1])`: Provided file (/tmp/Rtmp6Jz88V/19b50369692dfd/gganim_plot0001.png) does
not exist
Backtrace:
▆
1. └─karel::ejecutar_acciones() at test-actions.R:16:3
2. ├─base::suppressWarnings(...)
3. │ └─base::withCallingHandlers(...)
4. ├─gganimate::animate(...)
5. └─gganimate:::animate.gganim(...)
6. └─args$renderer(frames_vars$frame_source, args$fps)
7. └─gganimate:::png_dim(frames[1])
8. └─cli::cli_abort("Provided file ({file}) does not exist")
9. └─rlang::abort(...)
── Error ('test-english_wrapers.R:39:3'): Karel's actions and superpowers perform as expected in English ──
Error in `png_dim(frames[1])`: Provided file (/tmp/Rtmp6Jz88V/19b503486e69d1/gganim_plot0001.png) does
not exist
Backtrace:
▆
1. └─karel::run_actions() at test-english_wrapers.R:39:3
2. └─karel::ejecutar_acciones(repetir = loop)
3. ├─base::suppressWarnings(...)
4. │ └─base::withCallingHandlers(...)
5. ├─gganimate::animate(...)
6. └─gganimate:::animate.gganim(...)
7. └─args$renderer(frames_vars$frame_source, args$fps)
8. └─gganimate:::png_dim(frames[1])
9. └─cli::cli_abort("Provided file ({file}) does not exist")
10. └─rlang::abort(...)
[ FAIL 2 | WARN 2 | SKIP 0 | PASS 78 ]
Error: Test failures
Execution halted
Flavor: r-devel-linux-x86_64-debian-gcc
Version: 0.1.1
Check: dependencies in R code
Result: NOTE
Namespace in Imports field not imported from: ‘gifski’
All declared Imports should be used.
Flavors: r-devel-linux-x86_64-fedora-clang, r-devel-linux-x86_64-fedora-gcc
Version: 0.1.1
Check: examples
Result: ERROR
Running examples in ‘karel-Ex.R’ failed
The error most likely occurred in:
> ### Name: acciones
> ### Title: Acciones que Karel puede realizar
> ### Aliases: acciones avanzar girar_izquierda poner_coso juntar_coso
> ### girar_derecha darse_vuelta
>
> ### ** Examples
>
> generar_mundo("mundo001")
> avanzar()
> juntar_coso()
> girar_izquierda()
> poner_coso()
> ejecutar_acciones()
Error in `png_dim()`:
! Provided file
(/tmp/Rtmp7i3DFt/working_dir/RtmplXFvqP/3226453459c3d5/gganim_plot0001.png)
does not exist
Backtrace:
▆
1. └─karel::ejecutar_acciones()
2. ├─base::suppressWarnings(...)
3. │ └─base::withCallingHandlers(...)
4. ├─gganimate::animate(...)
5. └─gganimate:::animate.gganim(...)
6. └─args$renderer(frames_vars$frame_source, args$fps)
7. └─gganimate:::png_dim(frames[1])
8. └─cli::cli_abort("Provided file ({file}) does not exist")
9. └─rlang::abort(...)
Execution halted
Flavor: r-devel-linux-x86_64-fedora-clang
Version: 0.1.1
Check: tests
Result: ERROR
Running ‘testthat.R’ [11s/14s]
Running the tests in ‘tests/testthat.R’ failed.
Complete output:
> library(testthat)
> library(karel)
>
> test_check("karel")
[ FAIL 2 | WARN 2 | SKIP 0 | PASS 78 ]
══ Failed tests ════════════════════════════════════════════════════════════════
── Error ('test-actions.R:16:3'): Karel's actions perform as expected ──────────
Error in `png_dim(frames[1])`: Provided file
(/tmp/Rtmp7i3DFt/working_dir/RtmpEfT8Vn/322cfc67d4d580/gganim_plot0001.png)
does not exist
Backtrace:
▆
1. └─karel::ejecutar_acciones() at test-actions.R:16:3
2. ├─base::suppressWarnings(...)
3. │ └─base::withCallingHandlers(...)
4. ├─gganimate::animate(...)
5. └─gganimate:::animate.gganim(...)
6. └─args$renderer(frames_vars$frame_source, args$fps)
7. └─gganimate:::png_dim(frames[1])
8. └─cli::cli_abort("Provided file ({file}) does not exist")
9. └─rlang::abort(...)
── Error ('test-english_wrapers.R:39:3'): Karel's actions and superpowers perform as expected in English ──
Error in `png_dim(frames[1])`: Provided file
(/tmp/Rtmp7i3DFt/working_dir/RtmpEfT8Vn/322cfc19cd28b/gganim_plot0001.png) does
not exist
Backtrace:
▆
1. └─karel::run_actions() at test-english_wrapers.R:39:3
2. └─karel::ejecutar_acciones(repetir = loop)
3. ├─base::suppressWarnings(...)
4. │ └─base::withCallingHandlers(...)
5. ├─gganimate::animate(...)
6. └─gganimate:::animate.gganim(...)
7. └─args$renderer(frames_vars$frame_source, args$fps)
8. └─gganimate:::png_dim(frames[1])
9. └─cli::cli_abort("Provided file ({file}) does not exist")
10. └─rlang::abort(...)
[ FAIL 2 | WARN 2 | SKIP 0 | PASS 78 ]
Error: Test failures
Execution halted
Flavor: r-devel-linux-x86_64-fedora-clang
Version: 0.1.1
Check: examples
Result: ERROR
Running examples in ‘karel-Ex.R’ failed
The error most likely occurred in:
> ### Name: acciones
> ### Title: Acciones que Karel puede realizar
> ### Aliases: acciones avanzar girar_izquierda poner_coso juntar_coso
> ### girar_derecha darse_vuelta
>
> ### ** Examples
>
> generar_mundo("mundo001")
> avanzar()
> juntar_coso()
> girar_izquierda()
> poner_coso()
> ejecutar_acciones()
Error in `png_dim()`:
! Provided file
(/tmp/Rtmpotfe77/working_dir/RtmpW6xNgF/2199376c017303/gganim_plot0001.png)
does not exist
Backtrace:
▆
1. └─karel::ejecutar_acciones()
2. ├─base::suppressWarnings(...)
3. │ └─base::withCallingHandlers(...)
4. ├─gganimate::animate(...)
5. └─gganimate:::animate.gganim(...)
6. └─args$renderer(frames_vars$frame_source, args$fps)
7. └─gganimate:::png_dim(frames[1])
8. └─cli::cli_abort("Provided file ({file}) does not exist")
9. └─rlang::abort(...)
Execution halted
Flavor: r-devel-linux-x86_64-fedora-gcc
Version: 0.1.1
Check: tests
Result: ERROR
Running ‘testthat.R’ [9s/14s]
Running the tests in ‘tests/testthat.R’ failed.
Complete output:
> library(testthat)
> library(karel)
>
> test_check("karel")
[ FAIL 2 | WARN 2 | SKIP 0 | PASS 78 ]
══ Failed tests ════════════════════════════════════════════════════════════════
── Error ('test-actions.R:16:3'): Karel's actions perform as expected ──────────
Error in `png_dim(frames[1])`: Provided file
(/tmp/Rtmpotfe77/working_dir/RtmpVANfeK/219aa774e07e83/gganim_plot0001.png)
does not exist
Backtrace:
▆
1. └─karel::ejecutar_acciones() at test-actions.R:16:3
2. ├─base::suppressWarnings(...)
3. │ └─base::withCallingHandlers(...)
4. ├─gganimate::animate(...)
5. └─gganimate:::animate.gganim(...)
6. └─args$renderer(frames_vars$frame_source, args$fps)
7. └─gganimate:::png_dim(frames[1])
8. └─cli::cli_abort("Provided file ({file}) does not exist")
9. └─rlang::abort(...)
── Error ('test-english_wrapers.R:39:3'): Karel's actions and superpowers perform as expected in English ──
Error in `png_dim(frames[1])`: Provided file
(/tmp/Rtmpotfe77/working_dir/RtmpVANfeK/219aa713b633d9/gganim_plot0001.png)
does not exist
Backtrace:
▆
1. └─karel::run_actions() at test-english_wrapers.R:39:3
2. └─karel::ejecutar_acciones(repetir = loop)
3. ├─base::suppressWarnings(...)
4. │ └─base::withCallingHandlers(...)
5. ├─gganimate::animate(...)
6. └─gganimate:::animate.gganim(...)
7. └─args$renderer(frames_vars$frame_source, args$fps)
8. └─gganimate:::png_dim(frames[1])
9. └─cli::cli_abort("Provided file ({file}) does not exist")
10. └─rlang::abort(...)
[ FAIL 2 | WARN 2 | SKIP 0 | PASS 78 ]
Error: Test failures
Execution halted
Flavor: r-devel-linux-x86_64-fedora-gcc
Version: 0.1.1
Check: examples
Result: ERROR
Running examples in ‘karel-Ex.R’ failed
The error most likely occurred in:
> base::assign(".ptime", proc.time(), pos = "CheckExEnv")
> ### Name: acciones
> ### Title: Acciones que Karel puede realizar
> ### Aliases: acciones avanzar girar_izquierda poner_coso juntar_coso
> ### girar_derecha darse_vuelta
>
> ### ** Examples
>
> generar_mundo("mundo001")
> avanzar()
> juntar_coso()
> girar_izquierda()
> poner_coso()
> ejecutar_acciones()
Error in `png_dim()`:
! Provided file
(/home/hornik/tmp/scratch/RtmppHzG6h/3571d22bb0edca/gganim_plot0001.png) does
not exist
Backtrace:
▆
1. └─karel::ejecutar_acciones()
2. ├─base::suppressWarnings(...)
3. │ └─base::withCallingHandlers(...)
4. ├─gganimate::animate(...)
5. └─gganimate:::animate.gganim(...)
6. └─args$renderer(frames_vars$frame_source, args$fps)
7. └─gganimate:::png_dim(frames[1])
8. └─cli::cli_abort("Provided file ({file}) does not exist")
9. └─rlang::abort(...)
Execution halted
Flavor: r-patched-linux-x86_64
Version: 0.1.1
Check: tests
Result: ERROR
Running ‘testthat.R’ [6s/7s]
Running the tests in ‘tests/testthat.R’ failed.
Complete output:
> library(testthat)
> library(karel)
>
> test_check("karel")
[ FAIL 2 | WARN 2 | SKIP 0 | PASS 78 ]
══ Failed tests ════════════════════════════════════════════════════════════════
── Error ('test-actions.R:16:3'): Karel's actions perform as expected ──────────
Error in `png_dim(frames[1])`: Provided file
(/home/hornik/tmp/scratch/RtmpnFjhkp/3577f31696fb10/gganim_plot0001.png) does
not exist
Backtrace:
▆
1. └─karel::ejecutar_acciones() at test-actions.R:16:3
2. ├─base::suppressWarnings(...)
3. │ └─base::withCallingHandlers(...)
4. ├─gganimate::animate(...)
5. └─gganimate:::animate.gganim(...)
6. └─args$renderer(frames_vars$frame_source, args$fps)
7. └─gganimate:::png_dim(frames[1])
8. └─cli::cli_abort("Provided file ({file}) does not exist")
9. └─rlang::abort(...)
── Error ('test-english_wrapers.R:39:3'): Karel's actions and superpowers perform as expected in English ──
Error in `png_dim(frames[1])`: Provided file
(/home/hornik/tmp/scratch/RtmpnFjhkp/3577f3d1a774b/gganim_plot0001.png) does
not exist
Backtrace:
▆
1. └─karel::run_actions() at test-english_wrapers.R:39:3
2. └─karel::ejecutar_acciones(repetir = loop)
3. ├─base::suppressWarnings(...)
4. │ └─base::withCallingHandlers(...)
5. ├─gganimate::animate(...)
6. └─gganimate:::animate.gganim(...)
7. └─args$renderer(frames_vars$frame_source, args$fps)
8. └─gganimate:::png_dim(frames[1])
9. └─cli::cli_abort("Provided file ({file}) does not exist")
10. └─rlang::abort(...)
[ FAIL 2 | WARN 2 | SKIP 0 | PASS 78 ]
Error: Test failures
Execution halted
Flavor: r-patched-linux-x86_64
Version: 0.1.1
Check: examples
Result: ERROR
Running examples in ‘karel-Ex.R’ failed
The error most likely occurred in:
> base::assign(".ptime", proc.time(), pos = "CheckExEnv")
> ### Name: acciones
> ### Title: Acciones que Karel puede realizar
> ### Aliases: acciones avanzar girar_izquierda poner_coso juntar_coso
> ### girar_derecha darse_vuelta
>
> ### ** Examples
>
> generar_mundo("mundo001")
> avanzar()
> juntar_coso()
> girar_izquierda()
> poner_coso()
> ejecutar_acciones()
Error in `png_dim()`:
! Provided file
(/home/hornik/tmp/scratch/RtmpDAkfwJ/12c4b843b5a63a/gganim_plot0001.png) does
not exist
Backtrace:
▆
1. └─karel::ejecutar_acciones()
2. ├─base::suppressWarnings(...)
3. │ └─base::withCallingHandlers(...)
4. ├─gganimate::animate(...)
5. └─gganimate:::animate.gganim(...)
6. └─args$renderer(frames_vars$frame_source, args$fps)
7. └─gganimate:::png_dim(frames[1])
8. └─cli::cli_abort("Provided file ({file}) does not exist")
9. └─rlang::abort(...)
Execution halted
Flavor: r-release-linux-x86_64
Version: 0.1.1
Check: tests
Result: ERROR
Running ‘testthat.R’ [7s/7s]
Running the tests in ‘tests/testthat.R’ failed.
Complete output:
> library(testthat)
> library(karel)
>
> test_check("karel")
[ FAIL 2 | WARN 2 | SKIP 0 | PASS 78 ]
══ Failed tests ════════════════════════════════════════════════════════════════
── Error ('test-actions.R:16:3'): Karel's actions perform as expected ──────────
Error in `png_dim(frames[1])`: Provided file
(/home/hornik/tmp/scratch/RtmpuytvFY/12c98ae2e2c79/gganim_plot0001.png) does
not exist
Backtrace:
▆
1. └─karel::ejecutar_acciones() at test-actions.R:16:3
2. ├─base::suppressWarnings(...)
3. │ └─base::withCallingHandlers(...)
4. ├─gganimate::animate(...)
5. └─gganimate:::animate.gganim(...)
6. └─args$renderer(frames_vars$frame_source, args$fps)
7. └─gganimate:::png_dim(frames[1])
8. └─cli::cli_abort("Provided file ({file}) does not exist")
9. └─rlang::abort(...)
── Error ('test-english_wrapers.R:39:3'): Karel's actions and superpowers perform as expected in English ──
Error in `png_dim(frames[1])`: Provided file
(/home/hornik/tmp/scratch/RtmpuytvFY/12c98a3a5854d1/gganim_plot0001.png) does
not exist
Backtrace:
▆
1. └─karel::run_actions() at test-english_wrapers.R:39:3
2. └─karel::ejecutar_acciones(repetir = loop)
3. ├─base::suppressWarnings(...)
4. │ └─base::withCallingHandlers(...)
5. ├─gganimate::animate(...)
6. └─gganimate:::animate.gganim(...)
7. └─args$renderer(frames_vars$frame_source, args$fps)
8. └─gganimate:::png_dim(frames[1])
9. └─cli::cli_abort("Provided file ({file}) does not exist")
10. └─rlang::abort(...)
[ FAIL 2 | WARN 2 | SKIP 0 | PASS 78 ]
Error: Test failures
Execution halted
Flavor: r-release-linux-x86_64