Last updated on 2025-07-05 07:49:28 CEST.
Flavor | Version | Tinstall | Tcheck | Ttotal | Status | Flags |
---|---|---|---|---|---|---|
r-devel-linux-x86_64-debian-clang | 0.9.0 | 1.86 | 22.90 | 24.76 | OK | |
r-devel-linux-x86_64-debian-gcc | 0.9.0 | 1.36 | 19.14 | 20.50 | OK | |
r-devel-linux-x86_64-fedora-clang | 0.9.0 | 36.82 | OK | |||
r-devel-linux-x86_64-fedora-gcc | 0.9.0 | 57.74 | OK | |||
r-devel-windows-x86_64 | 0.9.0 | 3.00 | 43.00 | 46.00 | OK | |
r-patched-linux-x86_64 | 0.9.0 | 1.76 | 20.15 | 21.91 | OK | |
r-release-linux-x86_64 | 0.9.0 | 1.67 | 20.21 | 21.88 | OK | |
r-release-macos-arm64 | 0.9.0 | 32.00 | OK | |||
r-release-macos-x86_64 | 0.9.0 | 55.00 | OK | |||
r-release-windows-x86_64 | 0.9.0 | 4.00 | 41.00 | 45.00 | OK | |
r-oldrel-macos-arm64 | 0.9.0 | 27.00 | NOTE | |||
r-oldrel-macos-x86_64 | 0.9.0 | 59.00 | NOTE | |||
r-oldrel-windows-x86_64 | 0.9.0 | 4.00 | 47.00 | 51.00 | NOTE |
Version: 0.9.0
Check: LazyData
Result: NOTE
'LazyData' is specified without a 'data' directory
Flavors: r-oldrel-macos-arm64, r-oldrel-macos-x86_64, r-oldrel-windows-x86_64