CRAN Package Check Results for Package knitrBootstrap

Last updated on 2025-04-28 18:50:12 CEST.

Flavor Version Tinstall Tcheck Ttotal Status Flags
r-devel-linux-x86_64-debian-clang 1.0.3 2.89 50.11 53.00 NOTE
r-devel-linux-x86_64-debian-gcc 1.0.3 2.13 39.65 41.78 NOTE
r-devel-linux-x86_64-fedora-clang 1.0.3 82.25 OK
r-devel-linux-x86_64-fedora-gcc 1.0.3 93.66 OK
r-devel-windows-x86_64 1.0.3 5.00 78.00 83.00 NOTE
r-patched-linux-x86_64 1.0.3 3.02 48.25 51.27 NOTE
r-release-linux-x86_64 1.0.3 2.76 48.33 51.09 NOTE
r-release-macos-arm64 1.0.3 62.00 OK
r-release-macos-x86_64 1.0.3 86.00 OK
r-release-windows-x86_64 1.0.3 4.00 66.00 70.00 NOTE
r-oldrel-macos-arm64 1.0.3 38.00 OK
r-oldrel-macos-x86_64 1.0.3 51.00 OK
r-oldrel-windows-x86_64 1.0.3 5.00 78.00 83.00 OK

Check Details

Version: 1.0.3
Check: Rd cross-references
Result: NOTE Found the following Rd file(s) with Rd \link{} targets missing package anchors: knit_bootstrap_md.Rd: knit Please provide package anchors for all Rd \link{} targets not in the package itself and the base packages. Flavors: r-devel-linux-x86_64-debian-clang, r-devel-linux-x86_64-debian-gcc, r-devel-windows-x86_64, r-patched-linux-x86_64, r-release-linux-x86_64, r-release-windows-x86_64

Version: 1.0.3
Check: CRAN incoming feasibility
Result: NOTE Maintainer: ‘Jim Hester <james.f.hester@gmail.com>’ No Authors@R field in DESCRIPTION. Please add one, modifying Authors@R: person(given = "Jim", family = "Hester", role = c("aut", "cre"), email = "james.f.hester@gmail.com") as necessary. Flavor: r-devel-linux-x86_64-debian-gcc