Last updated on 2025-04-28 18:50:12 CEST.
Flavor | Version | Tinstall | Tcheck | Ttotal | Status | Flags |
---|---|---|---|---|---|---|
r-devel-linux-x86_64-debian-clang | 1.2 | 6.46 | 54.97 | 61.43 | OK | |
r-devel-linux-x86_64-debian-gcc | 1.2 | 4.64 | 41.54 | 46.18 | NOTE | |
r-devel-linux-x86_64-fedora-clang | 1.2 | 94.78 | OK | |||
r-devel-linux-x86_64-fedora-gcc | 1.2 | 90.74 | OK | |||
r-devel-windows-x86_64 | 1.2 | 7.00 | 75.00 | 82.00 | OK | |
r-patched-linux-x86_64 | 1.2 | 6.64 | 52.88 | 59.52 | OK | |
r-release-linux-x86_64 | 1.2 | 5.63 | 53.20 | 58.83 | OK | |
r-release-macos-arm64 | 1.2 | 34.00 | OK | |||
r-release-macos-x86_64 | 1.2 | 88.00 | OK | |||
r-release-windows-x86_64 | 1.2 | 7.00 | 72.00 | 79.00 | OK | |
r-oldrel-macos-arm64 | 1.2 | 32.00 | OK | |||
r-oldrel-macos-x86_64 | 1.2 | 47.00 | OK | |||
r-oldrel-windows-x86_64 | 1.2 | 10.00 | 84.00 | 94.00 | OK |
Version: 1.2
Check: CRAN incoming feasibility
Result: NOTE
Maintainer: ‘Layla Parast <parast@austin.utexas.edu>’
No Authors@R field in DESCRIPTION.
Please add one, modifying
Authors@R: person(given = "Layla",
family = "Parast",
role = c("aut", "cre"),
email = "parast@austin.utexas.edu")
as necessary.
Flavor: r-devel-linux-x86_64-debian-gcc