Last updated on 2025-04-28 18:50:12 CEST.
Flavor | Version | Tinstall | Tcheck | Ttotal | Status | Flags |
---|---|---|---|---|---|---|
r-devel-linux-x86_64-debian-clang | 1.5.0 | 6.78 | 56.37 | 63.15 | NOTE | |
r-devel-linux-x86_64-debian-gcc | 1.5.0 | 4.68 | 40.59 | 45.27 | NOTE | |
r-devel-linux-x86_64-fedora-clang | 1.5.0 | 98.65 | OK | |||
r-devel-linux-x86_64-fedora-gcc | 1.5.0 | 93.82 | OK | |||
r-devel-windows-x86_64 | 1.5.0 | 9.00 | 115.00 | 124.00 | NOTE | |
r-patched-linux-x86_64 | 1.5.0 | 9.71 | 56.22 | 65.93 | NOTE | |
r-release-linux-x86_64 | 1.5.0 | 7.26 | 55.72 | 62.98 | NOTE | |
r-release-macos-arm64 | 1.5.0 | 33.00 | OK | |||
r-release-macos-x86_64 | 1.5.0 | 55.00 | OK | |||
r-release-windows-x86_64 | 1.5.0 | 11.00 | 112.00 | 123.00 | NOTE | |
r-oldrel-macos-arm64 | 1.5.0 | 30.00 | OK | |||
r-oldrel-macos-x86_64 | 1.5.0 | 47.00 | OK | |||
r-oldrel-windows-x86_64 | 1.5.0 | 12.00 | 132.00 | 144.00 | OK |
Version: 1.5.0
Check: Rd cross-references
Result: NOTE
Found the following Rd file(s) with Rd \link{} targets missing package
anchors:
xylowess.fnc.Rd: xyplot
Please provide package anchors for all Rd \link{} targets not in the
package itself and the base packages.
Flavors: r-devel-linux-x86_64-debian-clang, r-devel-linux-x86_64-debian-gcc, r-devel-windows-x86_64, r-patched-linux-x86_64, r-release-linux-x86_64, r-release-windows-x86_64
Version: 1.5.0
Check: CRAN incoming feasibility
Result: NOTE
Maintainer: ‘R. H. Baayen <harald.baayen@uni-tuebingen.de>’
No Authors@R field in DESCRIPTION.
Please add one, modifying
Authors@R: c(person(given = c("R.", "H."),
family = "Baayen",
role = c("aut", "cre"),
email = "harald.baayen@uni-tuebingen.de"),
person(given = "Elnaz",
family = "Shafaei-Bajestan",
role = "aut",
email = "elnaz.shafaei-bajestan@uni-tuebingen.de"))
as necessary.
Flavor: r-devel-linux-x86_64-debian-gcc
Version: 1.5.0
Check: examples
Result: NOTE
Examples with CPU (user + system) or elapsed time > 5s
user system elapsed
durationsOnt 5.059 0.283 6.504
Flavor: r-devel-linux-x86_64-debian-gcc