Last updated on 2025-04-28 18:50:12 CEST.
Flavor | Version | Tinstall | Tcheck | Ttotal | Status | Flags |
---|---|---|---|---|---|---|
r-devel-linux-x86_64-debian-clang | 0.2.0 | 1.64 | 16.45 | 18.09 | OK | |
r-devel-linux-x86_64-debian-gcc | 0.2.0 | 1.36 | 14.00 | 15.36 | NOTE | |
r-devel-linux-x86_64-fedora-clang | 0.2.0 | 28.54 | OK | |||
r-devel-linux-x86_64-fedora-gcc | 0.2.0 | 27.73 | OK | |||
r-devel-windows-x86_64 | 0.2.0 | 2.00 | 38.00 | 40.00 | OK | |
r-patched-linux-x86_64 | 0.2.0 | 1.76 | 16.05 | 17.81 | OK | |
r-release-linux-x86_64 | 0.2.0 | 1.56 | 16.18 | 17.74 | OK | |
r-release-macos-arm64 | 0.2.0 | 15.00 | OK | |||
r-release-macos-x86_64 | 0.2.0 | 22.00 | OK | |||
r-release-windows-x86_64 | 0.2.0 | 2.00 | 45.00 | 47.00 | OK | |
r-oldrel-macos-arm64 | 0.2.0 | 15.00 | OK | |||
r-oldrel-macos-x86_64 | 0.2.0 | 19.00 | OK | |||
r-oldrel-windows-x86_64 | 0.2.0 | 3.00 | 38.00 | 41.00 | OK |
Version: 0.2.0
Check: CRAN incoming feasibility
Result: NOTE
Maintainer: ‘Lingfei Wang <Lingfei.Wang.github@outlook.com>’
No Authors@R field in DESCRIPTION.
Please add one, modifying
Authors@R: person(given = "Lingfei",
family = "Wang",
role = c("aut", "cre"),
email = "Lingfei.Wang.github@outlook.com")
as necessary.
Flavor: r-devel-linux-x86_64-debian-gcc