Last updated on 2025-04-28 18:50:12 CEST.
Flavor | Version | Tinstall | Tcheck | Ttotal | Status | Flags |
---|---|---|---|---|---|---|
r-devel-linux-x86_64-debian-clang | 0.3.1 | 7.25 | 78.56 | 85.81 | OK | |
r-devel-linux-x86_64-debian-gcc | 0.3.1 | 5.96 | 59.39 | 65.35 | NOTE | |
r-devel-linux-x86_64-fedora-clang | 0.3.1 | 144.92 | OK | |||
r-devel-linux-x86_64-fedora-gcc | 0.3.1 | 129.44 | OK | |||
r-devel-windows-x86_64 | 0.3.1 | 10.00 | 126.00 | 136.00 | OK | |
r-patched-linux-x86_64 | 0.3.1 | 9.48 | 81.15 | 90.63 | OK | |
r-release-linux-x86_64 | 0.3.1 | 8.02 | 80.40 | 88.42 | OK | |
r-release-macos-arm64 | 0.3.1 | 67.00 | OK | |||
r-release-macos-x86_64 | 0.3.1 | 122.00 | OK | |||
r-release-windows-x86_64 | 0.3.1 | 13.00 | 122.00 | 135.00 | OK | |
r-oldrel-macos-arm64 | 0.3.1 | 71.00 | OK | |||
r-oldrel-macos-x86_64 | 0.3.1 | 94.00 | OK | |||
r-oldrel-windows-x86_64 | 0.3.1 | 13.00 | 162.00 | 175.00 | OK |
Version: 0.3.1
Check: CRAN incoming feasibility
Result: NOTE
Maintainer: ‘Jonas Rieger <jonas.rieger@tu-dortmund.de>’
Package CITATION file contains call(s) to old-style citEntry(). Please
use bibentry() instead.
Flavor: r-devel-linux-x86_64-debian-gcc