Last updated on 2025-04-28 18:50:13 CEST.
Flavor | Version | Tinstall | Tcheck | Ttotal | Status | Flags |
---|---|---|---|---|---|---|
r-devel-linux-x86_64-debian-clang | 2.0.12 | 3.50 | 52.04 | 55.54 | OK | |
r-devel-linux-x86_64-debian-gcc | 2.0.12 | 2.73 | 37.56 | 40.29 | NOTE | |
r-devel-linux-x86_64-fedora-clang | 2.0.12 | 95.53 | OK | |||
r-devel-linux-x86_64-fedora-gcc | 2.0.12 | 90.63 | OK | |||
r-devel-windows-x86_64 | 2.0.12 | 5.00 | 88.00 | 93.00 | OK | |
r-patched-linux-x86_64 | 2.0.12 | 4.02 | 49.62 | 53.64 | OK | |
r-release-linux-x86_64 | 2.0.12 | 3.13 | 51.10 | 54.23 | OK | |
r-release-macos-arm64 | 2.0.12 | 41.00 | OK | |||
r-release-macos-x86_64 | 2.0.12 | 68.00 | OK | |||
r-release-windows-x86_64 | 2.0.12 | 5.00 | 84.00 | 89.00 | OK | |
r-oldrel-macos-arm64 | 2.0.12 | 36.00 | OK | |||
r-oldrel-macos-x86_64 | 2.0.12 | 57.00 | OK | |||
r-oldrel-windows-x86_64 | 2.0.12 | 7.00 | 109.00 | 116.00 | OK |
Version: 2.0.12
Check: CRAN incoming feasibility
Result: NOTE
Maintainer: ‘Joseph Lewis <josephlewis1992@gmail.com>’
The URL field contains the following bad parts:
Available
at:
The URL field should be a list of URLs separated by commas or
whitespace.
Flavor: r-devel-linux-x86_64-debian-gcc
Version: 2.0.12
Check: examples
Result: NOTE
Examples with CPU (user + system) or elapsed time > 5s
user system elapsed
PDI_validation 5.808 0.241 7.034
create_lcp_density 0.893 0.031 7.771
create_FETE_lcps 0.170 0.008 7.277
Flavor: r-devel-linux-x86_64-debian-gcc