CRAN Package Check Results for Package lodGWAS

Last updated on 2025-07-03 19:50:32 CEST.

Flavor Version Tinstall Tcheck Ttotal Status Flags
r-devel-linux-x86_64-debian-clang 1.0-7 12.80 103.76 116.56 NOTE
r-devel-linux-x86_64-debian-gcc 1.0-7 9.67 75.87 85.54 NOTE
r-devel-linux-x86_64-fedora-clang 1.0-7 174.20 OK
r-devel-linux-x86_64-fedora-gcc 1.0-7 164.68 OK
r-devel-windows-x86_64 1.0-7 13.00 101.00 114.00 OK
r-patched-linux-x86_64 1.0-7 12.70 96.26 108.96 OK
r-release-linux-x86_64 1.0-7 13.39 95.77 109.16 OK
r-release-macos-arm64 1.0-7 47.00 OK
r-release-macos-x86_64 1.0-7 83.00 OK
r-release-windows-x86_64 1.0-7 14.00 104.00 118.00 OK
r-oldrel-macos-arm64 1.0-7 52.00 OK
r-oldrel-macos-x86_64 1.0-7 66.00 OK
r-oldrel-windows-x86_64 1.0-7 17.00 129.00 146.00 OK

Check Details

Version: 1.0-7
Check: CRAN incoming feasibility
Result: NOTE Maintainer: ‘Ilja M. Nolte <i.m.nolte@umcg.nl>’ No Authors@R field in DESCRIPTION. Please add one, modifying Authors@R: c(person(given = "Ahmad", family = "Vaez", role = "aut"), person(given = c("Ilja", "M."), family = "Nolte", role = c("aut", "cre"), email = "i.m.nolte@umcg.nl"), person(given = c("Peter", "J."), family = "van der Most", role = "aut")) as necessary. Package CITATION file contains call(s) to old-style citEntry(). Please use bibentry() instead. Flavors: r-devel-linux-x86_64-debian-clang, r-devel-linux-x86_64-debian-gcc