Last updated on 2025-04-28 18:50:13 CEST.
Flavor | Version | Tinstall | Tcheck | Ttotal | Status | Flags |
---|---|---|---|---|---|---|
r-devel-linux-x86_64-debian-clang | 2.0.6 | 9.01 | 218.79 | 227.80 | OK | |
r-devel-linux-x86_64-debian-gcc | 2.0.6 | 6.36 | 122.81 | 129.17 | NOTE | |
r-devel-linux-x86_64-fedora-clang | 2.0.6 | 398.45 | OK | |||
r-devel-linux-x86_64-fedora-gcc | 2.0.6 | 331.01 | OK | |||
r-devel-windows-x86_64 | 2.0.6 | 9.00 | 187.00 | 196.00 | OK | |
r-patched-linux-x86_64 | 2.0.6 | 8.49 | 207.47 | 215.96 | OK | |
r-release-linux-x86_64 | 2.0.6 | 7.99 | 207.77 | 215.76 | OK | |
r-release-macos-arm64 | 2.0.6 | 72.00 | OK | |||
r-release-macos-x86_64 | 2.0.6 | 222.00 | OK | |||
r-release-windows-x86_64 | 2.0.6 | 10.00 | 191.00 | 201.00 | OK | |
r-oldrel-macos-arm64 | 2.0.6 | 72.00 | OK | |||
r-oldrel-macos-x86_64 | 2.0.6 | 188.00 | OK | |||
r-oldrel-windows-x86_64 | 2.0.6 | 12.00 | 262.00 | 274.00 | OK |
Version: 2.0.6
Check: examples
Result: NOTE
Examples with CPU (user + system) or elapsed time > 5s
user system elapsed
logbin 4.696 0.112 5.323
Flavor: r-devel-linux-x86_64-debian-gcc