CRAN Package Check Results for Package lolog

Last updated on 2025-07-03 19:50:32 CEST.

Flavor Version Tinstall Tcheck Ttotal Status Flags
r-devel-linux-x86_64-debian-clang 1.3.1 142.25 147.94 290.19 NOTE --no-vignettes
r-devel-linux-x86_64-debian-gcc 1.3.1 110.03 101.63 211.66 NOTE --no-vignettes
r-devel-linux-x86_64-fedora-clang 1.3.1 453.42 OK --no-vignettes
r-devel-linux-x86_64-fedora-gcc 1.3.1 506.44 OK --no-vignettes
r-devel-windows-x86_64 1.3.1 154.00 178.00 332.00 NOTE --no-vignettes
r-patched-linux-x86_64 1.3.1 151.22 137.98 289.20 NOTE --no-vignettes
r-release-linux-x86_64 1.3.1 147.96 138.58 286.54 NOTE --no-vignettes
r-release-macos-arm64 1.3.1 1804.00 OK
r-release-macos-x86_64 1.3.1 1803.00 OK
r-release-windows-x86_64 1.3.1 155.00 229.00 384.00 NOTE --no-vignettes
r-oldrel-macos-arm64 1.3.1 1803.00 NOTE
r-oldrel-macos-x86_64 1.3.1 1410.00 NOTE
r-oldrel-windows-x86_64 1.3.1 186.00 245.00 431.00 OK --no-vignettes

Check Details

Version: 1.3.1
Flags: --no-vignettes
Check: CRAN incoming feasibility
Result: NOTE Maintainer: ‘Ian E. Fellows <ian@fellstat.com>’ The Description field contains are provided. See Fellows (2018) <arXiv:1804.04583> for a detailed Please refer to arXiv e-prints via their arXiv DOI <doi:10.48550/arXiv.YYMM.NNNNN>. Flavors: r-devel-linux-x86_64-debian-clang, r-devel-linux-x86_64-debian-gcc

Version: 1.3.1
Flags: --no-vignettes
Check: Rd cross-references
Result: NOTE Found the following Rd file(s) with Rd \link{} targets missing package anchors: inlineLologPlugin.Rd: cppFunction, sourceCpp plot.Rcpp_DirectedNet.Rd: plot.network plot.Rcpp_UndirectedNet.Rd: plot.network plot.lologGmm.Rd: geom_histogram Please provide package anchors for all Rd \link{} targets not in the package itself and the base packages. Flavors: r-devel-linux-x86_64-debian-clang, r-devel-linux-x86_64-debian-gcc, r-devel-windows-x86_64, r-patched-linux-x86_64, r-release-linux-x86_64, r-release-windows-x86_64

Version: 1.3.1
Check: installed package size
Result: NOTE installed size is 19.6Mb sub-directories of 1Mb or more: libs 18.0Mb Flavors: r-oldrel-macos-arm64, r-oldrel-macos-x86_64