Last updated on 2025-04-29 18:50:47 CEST.
Flavor | Version | Tinstall | Tcheck | Ttotal | Status | Flags |
---|---|---|---|---|---|---|
r-devel-linux-x86_64-debian-clang | 0.2.1 | 48.43 | 57.02 | 105.45 | NOTE | |
r-devel-linux-x86_64-debian-gcc | 0.2.1 | 33.95 | 39.77 | 73.72 | NOTE | |
r-devel-linux-x86_64-fedora-clang | 0.2.1 | 165.33 | NOTE | |||
r-devel-linux-x86_64-fedora-gcc | 0.2.1 | 158.47 | NOTE | |||
r-devel-windows-x86_64 | 0.2.1 | 46.00 | 97.00 | 143.00 | NOTE | |
r-patched-linux-x86_64 | 0.2.1 | 46.21 | 53.31 | 99.52 | NOTE | |
r-release-linux-x86_64 | 0.2.1 | 47.78 | 53.70 | 101.48 | NOTE | |
r-release-macos-arm64 | 0.2.1 | 75.00 | NOTE | |||
r-release-macos-x86_64 | 0.2.1 | 105.00 | NOTE | |||
r-release-windows-x86_64 | 0.2.1 | 46.00 | 74.00 | 120.00 | NOTE | |
r-oldrel-macos-arm64 | 0.2.1 | 62.00 | NOTE | |||
r-oldrel-macos-x86_64 | 0.2.1 | 103.00 | NOTE | |||
r-oldrel-windows-x86_64 | 0.2.1 | 57.00 | 86.00 | 143.00 | NOTE |
Version: 0.2.1
Check: Rd files
Result: NOTE
checkRd: (-1) geom_lv.Rd:101: Lost braces; missing escapes or markup?
101 | determines whether the width of the box for letter value LV(i) should be proportional to i (linear), proportional to $2^{-i}$ (height), or whether
| ^
checkRd: (-1) geom_lv.Rd:102: Lost braces; missing escapes or markup?
102 | the area of the box should be proportional to $2^{-i}$ (area).}
| ^
Flavors: r-devel-linux-x86_64-debian-clang, r-devel-linux-x86_64-debian-gcc, r-devel-linux-x86_64-fedora-clang, r-devel-linux-x86_64-fedora-gcc, r-devel-windows-x86_64, r-patched-linux-x86_64, r-release-linux-x86_64, r-release-macos-arm64, r-release-macos-x86_64, r-release-windows-x86_64, r-oldrel-macos-arm64, r-oldrel-macos-x86_64, r-oldrel-windows-x86_64
Version: 0.2.1
Check: Rd cross-references
Result: NOTE
Found the following Rd file(s) with Rd \link{} targets missing package
anchors:
geom_lv.Rd: stat_quantile
Please provide package anchors for all Rd \link{} targets not in the
package itself and the base packages.
Flavors: r-devel-linux-x86_64-debian-clang, r-devel-linux-x86_64-debian-gcc, r-devel-windows-x86_64, r-patched-linux-x86_64, r-release-linux-x86_64, r-release-windows-x86_64
Version: 0.2.1
Check: examples
Result: NOTE
Examples with CPU (user + system) or elapsed time > 5s
user system elapsed
geom_lv 7.325 0.347 8.62
Flavor: r-devel-linux-x86_64-debian-clang
Version: 0.2.1
Check: examples
Result: NOTE
Examples with CPU (user + system) or elapsed time > 5s
user system elapsed
geom_lv 4.558 0.258 6.131
Flavor: r-devel-linux-x86_64-debian-gcc
Version: 0.2.1
Check: package dependencies
Result: NOTE
Package suggested but not available for checking: ‘depth’
Flavors: r-oldrel-macos-arm64, r-oldrel-macos-x86_64, r-oldrel-windows-x86_64