CRAN Package Check Results for Package mBvs

Last updated on 2025-07-04 19:50:23 CEST.

Flavor Version Tinstall Tcheck Ttotal Status Flags
r-devel-linux-x86_64-debian-clang 1.92 13.21 33.31 46.52 NOTE
r-devel-linux-x86_64-debian-gcc 1.92 12.22 24.64 36.86 NOTE
r-devel-linux-x86_64-fedora-clang 1.92 72.38 OK
r-devel-linux-x86_64-fedora-gcc 1.92 78.16 OK
r-devel-windows-x86_64 1.92 21.00 62.00 83.00 OK
r-patched-linux-x86_64 1.92 18.52 30.67 49.19 OK
r-release-linux-x86_64 1.92 16.94 31.03 47.97 OK
r-release-macos-arm64 1.92 28.00 OK
r-release-macos-x86_64 1.92 43.00 OK
r-release-windows-x86_64 1.92 23.00 63.00 86.00 OK
r-oldrel-macos-arm64 1.92 26.00 OK
r-oldrel-macos-x86_64 1.92 38.00 OK
r-oldrel-windows-x86_64 1.92 23.00 74.00 97.00 OK

Check Details

Version: 1.92
Check: CRAN incoming feasibility
Result: NOTE Maintainer: ‘Kyu Ha Lee <klee15239@gmail.com>’ No Authors@R field in DESCRIPTION. Please add one, modifying Authors@R: c(person(given = c("Kyu", "Ha"), family = "Lee", role = c("aut", "cre"), email = "klee15239@gmail.com"), person(given = c("Mahlet", "G."), family = "Tadesse", role = "aut"), person(given = c("Brent", "A."), family = "Coull", role = "aut"), person(given = c("Jacqueline", "R."), family = "Starr", role = "aut")) as necessary. Flavors: r-devel-linux-x86_64-debian-clang, r-devel-linux-x86_64-debian-gcc