Last updated on 2025-07-05 07:49:30 CEST.
Flavor | Version | Tinstall | Tcheck | Ttotal | Status | Flags |
---|---|---|---|---|---|---|
r-devel-linux-x86_64-debian-clang | 0.2.0 | 3.75 | 148.10 | 151.85 | NOTE | |
r-devel-linux-x86_64-debian-gcc | 0.2.0 | 3.09 | 97.72 | 100.81 | NOTE | |
r-devel-linux-x86_64-fedora-clang | 0.2.0 | 238.84 | OK | |||
r-devel-linux-x86_64-fedora-gcc | 0.2.0 | 227.10 | OK | |||
r-devel-windows-x86_64 | 0.2.0 | 5.00 | 164.00 | 169.00 | OK | |
r-patched-linux-x86_64 | 0.2.0 | 3.61 | 136.04 | 139.65 | OK | |
r-release-linux-x86_64 | 0.2.0 | 3.50 | 137.35 | 140.85 | OK | |
r-release-macos-arm64 | 0.2.0 | 90.00 | OK | |||
r-release-macos-x86_64 | 0.2.0 | 209.00 | OK | |||
r-release-windows-x86_64 | 0.2.0 | 6.00 | 161.00 | 167.00 | OK | |
r-oldrel-macos-arm64 | 0.2.0 | 77.00 | OK | |||
r-oldrel-macos-x86_64 | 0.2.0 | 129.00 | OK | |||
r-oldrel-windows-x86_64 | 0.2.0 | 6.00 | 204.00 | 210.00 | OK |
Version: 0.2.0
Check: CRAN incoming feasibility
Result: NOTE
Maintainer: ‘Steven E. Pav <shabbychef@gmail.com>’
Package CITATION file contains call(s) to old-style citEntry(). Please
use bibentry() instead.
Flavors: r-devel-linux-x86_64-debian-clang, r-devel-linux-x86_64-debian-gcc