Last updated on 2025-04-28 18:50:14 CEST.
Flavor | Version | Tinstall | Tcheck | Ttotal | Status | Flags |
---|---|---|---|---|---|---|
r-devel-linux-x86_64-debian-clang | 6.1.1 | 44.65 | 216.69 | 261.34 | OK | |
r-devel-linux-x86_64-debian-gcc | 6.1.1 | 24.60 | 133.33 | 157.93 | OK | |
r-devel-linux-x86_64-fedora-clang | 6.1.1 | 413.93 | OK | |||
r-devel-linux-x86_64-fedora-gcc | 6.1.1 | 386.86 | OK | |||
r-devel-windows-x86_64 | 6.1.1 | 41.00 | 268.00 | 309.00 | OK | |
r-patched-linux-x86_64 | 6.1.1 | 34.52 | 184.90 | 219.42 | OK | |
r-release-linux-x86_64 | 6.1.1 | 35.62 | 188.84 | 224.46 | OK | |
r-release-macos-arm64 | 6.1.1 | 99.00 | OK | |||
r-release-macos-x86_64 | 6.1.1 | 194.00 | OK | |||
r-release-windows-x86_64 | 6.1.1 | 46.00 | 261.00 | 307.00 | OK | |
r-oldrel-macos-arm64 | 6.1.1 | 72.00 | NOTE | |||
r-oldrel-macos-x86_64 | 6.1.1 | 147.00 | NOTE | |||
r-oldrel-windows-x86_64 | 6.1.1 | 49.00 | 322.00 | 371.00 | NOTE |
Version: 6.1.1
Check: installed package size
Result: NOTE
installed size is 5.6Mb
sub-directories of 1Mb or more:
doc 2.9Mb
Flavors: r-oldrel-macos-arm64, r-oldrel-macos-x86_64, r-oldrel-windows-x86_64