CRAN Package Check Results for Package mefa4

Last updated on 2025-04-29 06:49:47 CEST.

Flavor Version Tinstall Tcheck Ttotal Status Flags
r-devel-linux-x86_64-debian-clang 0.3-11 9.84 75.49 85.33 NOTE
r-devel-linux-x86_64-debian-gcc 0.3-11 6.02 56.28 62.30 NOTE
r-devel-linux-x86_64-fedora-clang 0.3-11 131.82 OK
r-devel-linux-x86_64-fedora-gcc 0.3-11 136.01 OK
r-devel-windows-x86_64 0.3-11 9.00 90.00 99.00 NOTE
r-patched-linux-x86_64 0.3-11 9.49 73.99 83.48 NOTE
r-release-linux-x86_64 0.3-11 8.66 73.62 82.28 NOTE
r-release-macos-arm64 0.3-11 42.00 OK
r-release-macos-x86_64 0.3-11 82.00 OK
r-release-windows-x86_64 0.3-11 10.00 95.00 105.00 NOTE
r-oldrel-macos-arm64 0.3-11 43.00 OK
r-oldrel-macos-x86_64 0.3-11 61.00 OK
r-oldrel-windows-x86_64 0.3-11 12.00 108.00 120.00 OK

Check Details

Version: 0.3-11
Check: Rd cross-references
Result: NOTE Found the following Rd file(s) with Rd \link{} targets missing package anchors: Xtab.Rd: sparseMatrix Please provide package anchors for all Rd \link{} targets not in the package itself and the base packages. Flavors: r-devel-linux-x86_64-debian-clang, r-devel-linux-x86_64-debian-gcc, r-devel-windows-x86_64, r-patched-linux-x86_64, r-release-linux-x86_64, r-release-windows-x86_64

Version: 0.3-11
Check: CRAN incoming feasibility
Result: NOTE Maintainer: ‘Peter Solymos <psolymos@gmail.com>’ No Authors@R field in DESCRIPTION. Please add one, modifying Authors@R: person(given = "Peter", family = "Solymos", role = c("aut", "cre"), email = "psolymos@gmail.com") as necessary. Flavor: r-devel-linux-x86_64-debian-gcc