Last updated on 2025-04-29 06:49:47 CEST.
Flavor | Version | Tinstall | Tcheck | Ttotal | Status | Flags |
---|---|---|---|---|---|---|
r-devel-linux-x86_64-debian-clang | 0.2.3 | 260.92 | 153.29 | 414.21 | NOTE | |
r-devel-linux-x86_64-debian-gcc | 0.2.3 | 200.78 | 99.71 | 300.49 | NOTE | |
r-devel-linux-x86_64-fedora-clang | 0.2.3 | 781.09 | NOTE | |||
r-devel-linux-x86_64-fedora-gcc | 0.2.3 | 846.85 | NOTE | |||
r-devel-windows-x86_64 | 0.2.3 | 311.00 | 142.00 | 453.00 | NOTE | |
r-patched-linux-x86_64 | 0.2.3 | 282.43 | 167.31 | 449.74 | NOTE | |
r-release-linux-x86_64 | 0.2.3 | 281.25 | 165.76 | 447.01 | NOTE | |
r-release-macos-arm64 | 0.2.3 | 201.00 | NOTE | |||
r-release-macos-x86_64 | 0.2.3 | 181.00 | NOTE | |||
r-release-windows-x86_64 | 0.2.3 | 317.00 | 152.00 | 469.00 | NOTE | |
r-oldrel-macos-arm64 | 0.2.3 | 150.00 | NOTE | |||
r-oldrel-macos-x86_64 | 0.2.3 | 167.00 | NOTE | |||
r-oldrel-windows-x86_64 | 0.2.3 | 359.00 | 188.00 | 547.00 | NOTE |
Version: 0.2.3
Check: C++ specification
Result: NOTE
Specified C++11: please drop specification unless essential
Flavors: r-devel-linux-x86_64-debian-clang, r-devel-linux-x86_64-debian-gcc, r-devel-linux-x86_64-fedora-clang, r-devel-linux-x86_64-fedora-gcc, r-devel-windows-x86_64, r-patched-linux-x86_64, r-release-linux-x86_64, r-release-macos-arm64, r-release-macos-x86_64, r-release-windows-x86_64, r-oldrel-macos-arm64, r-oldrel-macos-x86_64, r-oldrel-windows-x86_64
Version: 0.2.3
Check: CRAN incoming feasibility
Result: NOTE
Maintainer: ‘Michele Peruzzi <michele.peruzzi@duke.edu>’
No Authors@R field in DESCRIPTION.
Please add one, modifying
Authors@R: person(given = "Michele",
family = "Peruzzi",
role = c("aut", "cre"),
email = "michele.peruzzi@duke.edu")
as necessary.
The Description field contains
Finley (2021) <arXiv:2101.03579>, Peruzzi and Dunson (2022)
<arXiv:2201.10080>. Funded by ERC grant 856506 and NIH grant
Please refer to arXiv e-prints via their arXiv DOI <doi:10.48550/arXiv.YYMM.NNNNN>.
Flavor: r-devel-linux-x86_64-debian-gcc
Version: 0.2.3
Check: installed package size
Result: NOTE
installed size is 20.2Mb
sub-directories of 1Mb or more:
libs 19.1Mb
Flavors: r-oldrel-macos-arm64, r-oldrel-macos-x86_64