CRAN Package Check Results for Package miRNAss

Last updated on 2025-07-05 07:49:31 CEST.

Flavor Version Tinstall Tcheck Ttotal Status Flags
r-devel-linux-x86_64-debian-clang 1.5 22.48 65.35 87.83 NOTE
r-devel-linux-x86_64-debian-gcc 1.5 15.81 50.65 66.46 NOTE
r-devel-linux-x86_64-fedora-clang 1.5 147.42 OK
r-devel-linux-x86_64-fedora-gcc 1.5 154.65 OK
r-devel-windows-x86_64 1.5 28.00 107.00 135.00 OK
r-patched-linux-x86_64 1.5 23.39 61.70 85.09 OK
r-release-linux-x86_64 1.5 22.30 62.24 84.54 OK
r-release-macos-arm64 1.5 54.00 OK
r-release-macos-x86_64 1.5 98.00 OK
r-release-windows-x86_64 1.5 27.00 102.00 129.00 OK
r-oldrel-macos-arm64 1.5 47.00 OK
r-oldrel-macos-x86_64 1.5 69.00 OK
r-oldrel-windows-x86_64 1.5 33.00 123.00 156.00 OK

Check Details

Version: 1.5
Check: CRAN incoming feasibility
Result: NOTE Maintainer: ‘Cristian Yones <cyones@sinc.unl.edu.ar>’ No Authors@R field in DESCRIPTION. Please add one, modifying Authors@R: person(given = "Cristian", family = "Yones", role = c("aut", "cre"), email = "cyones@sinc.unl.edu.ar") as necessary. Flavors: r-devel-linux-x86_64-debian-clang, r-devel-linux-x86_64-debian-gcc