Last updated on 2025-04-28 18:50:14 CEST.
Flavor | Version | Tinstall | Tcheck | Ttotal | Status | Flags |
---|---|---|---|---|---|---|
r-devel-linux-x86_64-debian-clang | 1.0-2 | 13.67 | 101.84 | 115.51 | OK | |
r-devel-linux-x86_64-debian-gcc | 1.0-2 | 9.54 | 71.67 | 81.21 | NOTE | |
r-devel-linux-x86_64-fedora-clang | 1.0-2 | 197.91 | OK | |||
r-devel-linux-x86_64-fedora-gcc | 1.0-2 | 179.41 | OK | |||
r-devel-windows-x86_64 | 1.0-2 | 14.00 | 104.00 | 118.00 | OK | --no-vignettes |
r-patched-linux-x86_64 | 1.0-2 | 11.79 | 94.77 | 106.56 | OK | |
r-release-linux-x86_64 | 1.0-2 | 11.64 | 94.41 | 106.05 | OK | |
r-release-macos-arm64 | 1.0-2 | 49.00 | OK | |||
r-release-macos-x86_64 | 1.0-2 | 113.00 | OK | |||
r-release-windows-x86_64 | 1.0-2 | 15.00 | 121.00 | 136.00 | OK | --no-vignettes |
r-oldrel-macos-arm64 | 1.0-2 | 49.00 | OK | |||
r-oldrel-macos-x86_64 | 1.0-2 | 69.00 | OK | |||
r-oldrel-windows-x86_64 | 1.0-2 | 19.00 | 131.00 | 150.00 | OK | --no-vignettes |
Version: 1.0-2
Check: CRAN incoming feasibility
Result: NOTE
Maintainer: ‘Arne Henningsen <arne.henningsen@gmail.com>’
No Authors@R field in DESCRIPTION.
Please add one, modifying
Authors@R: c(person(given = "Arne",
family = "Henningsen",
role = c("aut", "cre"),
email = "arne.henningsen@gmail.com"),
person(given = "Geraldine",
family = "Henningsen",
role = "aut"))
as necessary.
Package CITATION file contains call(s) to old-style personList() or
as.personList(). Please use c() on person objects instead.
Package CITATION file contains call(s) to old-style citEntry(). Please
use bibentry() instead.
The BugReports field in DESCRIPTION has
https://github.com/micEcon/micEconCES
which should likely be
https://github.com/micEcon/micEconCES/issues
instead.
Flavor: r-devel-linux-x86_64-debian-gcc