CRAN Package Check Results for Package microPop

Last updated on 2025-04-28 18:50:14 CEST.

Flavor Version Tinstall Tcheck Ttotal Status Flags
r-devel-linux-x86_64-debian-clang 1.6 6.46 841.16 847.62 OK
r-devel-linux-x86_64-debian-gcc 1.6 4.40 447.81 452.21 OK
r-devel-linux-x86_64-fedora-clang 1.6 1361.52 NOTE
r-devel-linux-x86_64-fedora-gcc 1.6 1330.42 NOTE
r-devel-windows-x86_64 1.6 9.00 602.00 611.00 OK
r-patched-linux-x86_64 1.6 7.09 793.66 800.75 OK
r-release-linux-x86_64 1.6 6.07 784.73 790.80 OK
r-release-macos-arm64 1.6 309.00 OK
r-release-macos-x86_64 1.6 544.00 OK
r-release-windows-x86_64 1.6 11.00 590.00 601.00 OK
r-oldrel-macos-arm64 1.6 269.00 OK
r-oldrel-macos-x86_64 1.6 559.00 OK
r-oldrel-windows-x86_64 1.6 12.00 988.00 1000.00 OK

Check Details

Version: 1.6
Check: dependencies in R code
Result: NOTE Namespace in Imports field not imported from: ‘testthat’ All declared Imports should be used. Flavors: r-devel-linux-x86_64-fedora-clang, r-devel-linux-x86_64-fedora-gcc