Last updated on 2025-04-28 18:50:14 CEST.
Flavor | Version | Tinstall | Tcheck | Ttotal | Status | Flags |
---|---|---|---|---|---|---|
r-devel-linux-x86_64-debian-clang | 1.5.10 | 24.32 | 30.72 | 55.04 | OK | |
r-devel-linux-x86_64-debian-gcc | 1.5.10 | 18.50 | 25.29 | 43.79 | NOTE | |
r-devel-linux-x86_64-fedora-clang | 1.5.10 | 97.74 | OK | |||
r-devel-linux-x86_64-fedora-gcc | 1.5.10 | 95.78 | OK | |||
r-devel-windows-x86_64 | 1.5.10 | 31.00 | 75.00 | 106.00 | OK | |
r-patched-linux-x86_64 | 1.5.10 | 26.59 | 29.92 | 56.51 | OK | |
r-release-linux-x86_64 | 1.5.10 | 24.26 | 29.86 | 54.12 | OK | |
r-release-macos-arm64 | 1.5.10 | 30.00 | OK | |||
r-release-macos-x86_64 | 1.5.10 | 46.00 | OK | |||
r-release-windows-x86_64 | 1.5.10 | 32.00 | 72.00 | 104.00 | OK | |
r-oldrel-macos-arm64 | 1.5.10 | 31.00 | OK | |||
r-oldrel-macos-x86_64 | 1.5.10 | 39.00 | OK | |||
r-oldrel-windows-x86_64 | 1.5.10 | 32.00 | 83.00 | 115.00 | OK |
Version: 1.5.10
Check: CRAN incoming feasibility
Result: NOTE
Maintainer: ‘Michele Filosi <michele.filosi@gmail.com>’
Package CITATION file contains call(s) to old-style personList() or
as.personList(). Please use c() on person objects instead.
Package CITATION file contains call(s) to old-style citEntry(). Please
use bibentry() instead.
Flavor: r-devel-linux-x86_64-debian-gcc