Last updated on 2025-04-28 18:50:14 CEST.
Flavor | Version | Tinstall | Tcheck | Ttotal | Status | Flags |
---|---|---|---|---|---|---|
r-devel-linux-x86_64-debian-clang | 1.2-4 | 7.77 | 20.90 | 28.67 | OK | |
r-devel-linux-x86_64-debian-gcc | 1.2-4 | 5.69 | 17.08 | 22.77 | NOTE | |
r-devel-linux-x86_64-fedora-clang | 1.2-4 | 43.53 | OK | |||
r-devel-linux-x86_64-fedora-gcc | 1.2-4 | 41.05 | OK | |||
r-devel-windows-x86_64 | 1.2-4 | 16.00 | 47.00 | 63.00 | OK | |
r-patched-linux-x86_64 | 1.2-4 | 6.06 | 20.23 | 26.29 | OK | |
r-release-linux-x86_64 | 1.2-4 | 5.68 | 20.23 | 25.91 | OK | |
r-release-macos-arm64 | 1.2-4 | 23.00 | OK | |||
r-release-macos-x86_64 | 1.2-4 | 42.00 | OK | |||
r-release-windows-x86_64 | 1.2-4 | 17.00 | 46.00 | 63.00 | OK | |
r-oldrel-macos-arm64 | 1.2-4 | 26.00 | OK | |||
r-oldrel-macos-x86_64 | 1.2-4 | 29.00 | OK | |||
r-oldrel-windows-x86_64 | 1.2-4 | 16.00 | 47.00 | 63.00 | OK |
Version: 1.2-4
Check: CRAN incoming feasibility
Result: NOTE
Maintainer: ‘Katharine M. Mullen <mullenkate@gmail.com>’
No Authors@R field in DESCRIPTION.
Please add one, modifying
Authors@R: c(person(given = c("Timur", "V."),
family = "Elzhov",
role = "aut"),
person(given = c("Katharine", "M."),
family = "Mullen",
role = c("aut", "cre"),
email = "mullenkate@gmail.com"),
person(given = "Andrej-Nikolai",
family = "Spiess",
role = "aut"),
person(given = "Ben",
family = "Bolker",
role = "aut"))
as necessary.
Flavor: r-devel-linux-x86_64-debian-gcc