Last updated on 2025-04-28 18:50:14 CEST.
Flavor | Version | Tinstall | Tcheck | Ttotal | Status | Flags |
---|---|---|---|---|---|---|
r-devel-linux-x86_64-debian-clang | 1.0.0 | 7.67 | 60.59 | 68.26 | OK | |
r-devel-linux-x86_64-debian-gcc | 1.0.0 | 5.03 | 45.64 | 50.67 | NOTE | |
r-devel-linux-x86_64-fedora-clang | 1.0.0 | 103.63 | OK | |||
r-devel-linux-x86_64-fedora-gcc | 1.0.0 | 100.93 | OK | |||
r-devel-windows-x86_64 | 1.0.0 | 8.00 | 76.00 | 84.00 | OK | |
r-patched-linux-x86_64 | 1.0.0 | 7.54 | 57.94 | 65.48 | OK | |
r-release-linux-x86_64 | 1.0.0 | 6.47 | 58.39 | 64.86 | OK | |
r-release-macos-arm64 | 1.0.0 | 34.00 | OK | |||
r-release-macos-x86_64 | 1.0.0 | 73.00 | OK | |||
r-release-windows-x86_64 | 1.0.0 | 8.00 | 75.00 | 83.00 | OK | |
r-oldrel-macos-arm64 | 1.0.0 | 32.00 | OK | |||
r-oldrel-macos-x86_64 | 1.0.0 | 53.00 | OK | |||
r-oldrel-windows-x86_64 | 1.0.0 | 10.00 | 89.00 | 99.00 | OK |
Version: 1.0.0
Check: CRAN incoming feasibility
Result: NOTE
Maintainer: ‘Faisal Maqbool Zahid <faisalmz99@yahoo.com>’
No Authors@R field in DESCRIPTION.
Please add one, modifying
Authors@R: person(given = c("Faisal", "Maqbool"),
family = "Zahid",
role = c("aut", "cre"),
email = "faisalmz99@yahoo.com")
as necessary.
Flavor: r-devel-linux-x86_64-debian-gcc