CRAN Package Check Results for Package missMDA

Last updated on 2025-07-03 19:50:33 CEST.

Flavor Version Tinstall Tcheck Ttotal Status Flags
r-devel-linux-x86_64-debian-clang 1.19 16.84 116.21 133.05 NOTE
r-devel-linux-x86_64-debian-gcc 1.19 8.39 82.79 91.18 NOTE
r-devel-linux-x86_64-fedora-clang 1.19 207.95 OK
r-devel-linux-x86_64-fedora-gcc 1.19 209.57 OK
r-devel-windows-x86_64 1.19 18.00 118.00 136.00 NOTE
r-patched-linux-x86_64 1.19 14.59 108.76 123.35 NOTE
r-release-linux-x86_64 1.19 12.65 107.45 120.10 NOTE
r-release-macos-arm64 1.19 54.00 OK
r-release-macos-x86_64 1.19 121.00 OK
r-release-windows-x86_64 1.19 19.00 118.00 137.00 NOTE
r-oldrel-macos-arm64 1.19 58.00 OK
r-oldrel-macos-x86_64 1.19 87.00 OK
r-oldrel-windows-x86_64 1.19 23.00 157.00 180.00 OK

Check Details

Version: 1.19
Check: CRAN incoming feasibility
Result: NOTE Maintainer: ‘Francois Husson <francois.husson@institut-agro.fr>’ No Authors@R field in DESCRIPTION. Please add one, modifying Authors@R: c(person(given = "Francois", family = "Husson", role = c("aut", "cre"), email = "francois.husson@institut-agro.fr"), person(given = "Julie", family = "Josse", role = "aut")) as necessary. Flavors: r-devel-linux-x86_64-debian-clang, r-devel-linux-x86_64-debian-gcc

Version: 1.19
Check: Rd cross-references
Result: NOTE Found the following Rd file(s) with Rd \link{} targets missing package anchors: MIFAMD.Rd: with.mids, pool, summary.mira MIMCA.Rd: with.mids, pool, summary.mira MIPCA.Rd: with.mids, pool, summary.mira prelim.Rd: with.mids, pool, summary.mira Please provide package anchors for all Rd \link{} targets not in the package itself and the base packages. Flavors: r-devel-linux-x86_64-debian-clang, r-devel-linux-x86_64-debian-gcc, r-devel-windows-x86_64, r-patched-linux-x86_64, r-release-linux-x86_64, r-release-windows-x86_64