CRAN Package Check Results for Package missingHE

Last updated on 2025-04-28 18:50:14 CEST.

Flavor Version Tinstall Tcheck Ttotal Status Flags
r-devel-linux-x86_64-debian-clang 1.5.0 29.78 557.21 586.99 NOTE
r-devel-linux-x86_64-debian-gcc 1.5.0 18.74 352.11 370.85 NOTE
r-devel-linux-x86_64-fedora-clang 1.5.0 912.06 NOTE
r-devel-linux-x86_64-fedora-gcc 1.5.0 863.67 NOTE
r-devel-windows-x86_64 1.5.0 30.00 474.00 504.00 NOTE
r-patched-linux-x86_64 1.5.0 31.76 550.18 581.94 NOTE
r-release-linux-x86_64 1.5.0 29.16 549.48 578.64 NOTE
r-release-macos-arm64 1.5.0 201.00 OK
r-release-macos-x86_64 1.5.0 452.00 OK
r-release-windows-x86_64 1.5.0 31.00 479.00 510.00 NOTE
r-oldrel-macos-arm64 1.5.0 200.00 OK
r-oldrel-macos-x86_64 1.5.0 322.00 OK
r-oldrel-windows-x86_64 1.5.0 44.00 702.00 746.00 OK

Check Details

Version: 1.5.0
Check: Rd cross-references
Result: NOTE Found the following Rd file(s) with Rd \link{} targets missing package anchors: pic.Rd: loo-package Please provide package anchors for all Rd \link{} targets not in the package itself and the base packages. Flavors: r-devel-linux-x86_64-debian-clang, r-devel-linux-x86_64-debian-gcc, r-devel-windows-x86_64, r-patched-linux-x86_64, r-release-linux-x86_64, r-release-windows-x86_64

Version: 1.5.0
Check: examples
Result: NOTE Examples with CPU (user + system) or elapsed time > 5s user system elapsed hurdle 7.424 0.439 9.598 Flavor: r-devel-linux-x86_64-debian-gcc

Version: 1.5.0
Check: dependencies in R code
Result: NOTE Namespace in Imports field not imported from: ‘mcmcr’ All declared Imports should be used. Flavors: r-devel-linux-x86_64-fedora-clang, r-devel-linux-x86_64-fedora-gcc