Last updated on 2025-07-04 07:49:33 CEST.
Flavor | Version | Tinstall | Tcheck | Ttotal | Status | Flags |
---|---|---|---|---|---|---|
r-devel-linux-x86_64-debian-clang | 0.0.6 | 14.38 | 161.35 | 175.73 | OK | |
r-devel-linux-x86_64-debian-gcc | 0.0.6 | 8.79 | 110.53 | 119.32 | OK | |
r-devel-linux-x86_64-fedora-clang | 0.0.6 | 241.75 | ERROR | |||
r-devel-linux-x86_64-fedora-gcc | 0.0.6 | 205.96 | ERROR | |||
r-devel-windows-x86_64 | 0.0.6 | 14.00 | 230.00 | 244.00 | OK | |
r-patched-linux-x86_64 | 0.0.6 | 15.47 | 153.44 | 168.91 | OK | |
r-release-linux-x86_64 | 0.0.6 | 13.32 | 152.73 | 166.05 | OK | |
r-release-macos-arm64 | 0.0.6 | 108.00 | OK | |||
r-release-macos-x86_64 | 0.0.6 | 174.00 | OK | |||
r-release-windows-x86_64 | 0.0.6 | 15.00 | 233.00 | 248.00 | OK | |
r-oldrel-macos-arm64 | 0.0.6 | 80.00 | OK | |||
r-oldrel-macos-x86_64 | 0.0.6 | 210.00 | OK | |||
r-oldrel-windows-x86_64 | 0.0.6 | 20.00 | 269.00 | 289.00 | OK |
Version: 0.0.6
Check: re-building of vignette outputs
Result: ERROR
Error(s) in re-building vignettes:
--- re-building ‘mistr-extensions.Rmd’ using rmarkdown
! Undefined control sequence.
\@outputdblcol ...i \@combinedblfloats \@setmarks
\@outputpage \begingroup \...
l.217
Error: processing vignette 'mistr-extensions.Rmd' failed with diagnostics:
LaTeX failed to compile /data/gannet/ripley/R/packages/tests-clang/mistr.Rcheck/vign_test/mistr/vignettes/mistr-extensions.tex. See https://yihui.org/tinytex/r/#debugging for debugging tips. See mistr-extensions.log for more info.
--- failed re-building ‘mistr-extensions.Rmd’
--- re-building ‘mistr-introduction.Rmd’ using rmarkdown
! Undefined control sequence.
\@outputdblcol ...i \@combinedblfloats \@setmarks
\@outputpage \begingroup \...
l.165
Error: processing vignette 'mistr-introduction.Rmd' failed with diagnostics:
LaTeX failed to compile /data/gannet/ripley/R/packages/tests-clang/mistr.Rcheck/vign_test/mistr/vignettes/mistr-introduction.tex. See https://yihui.org/tinytex/r/#debugging for debugging tips. See mistr-introduction.log for more info.
--- failed re-building ‘mistr-introduction.Rmd’
SUMMARY: processing the following files failed:
‘mistr-extensions.Rmd’ ‘mistr-introduction.Rmd’
Error: Vignette re-building failed.
Execution halted
Flavor: r-devel-linux-x86_64-fedora-clang
Version: 0.0.6
Check: re-building of vignette outputs
Result: ERROR
Error(s) in re-building vignettes:
--- re-building ‘mistr-extensions.Rmd’ using rmarkdown
! Undefined control sequence.
\@outputdblcol ...i \@combinedblfloats \@setmarks
\@outputpage \begingroup \...
l.217
Error: processing vignette 'mistr-extensions.Rmd' failed with diagnostics:
LaTeX failed to compile /data/gannet/ripley/R/packages/tests-devel/mistr.Rcheck/vign_test/mistr/vignettes/mistr-extensions.tex. See https://yihui.org/tinytex/r/#debugging for debugging tips. See mistr-extensions.log for more info.
--- failed re-building ‘mistr-extensions.Rmd’
--- re-building ‘mistr-introduction.Rmd’ using rmarkdown
! Undefined control sequence.
\@outputdblcol ...i \@combinedblfloats \@setmarks
\@outputpage \begingroup \...
l.165
Error: processing vignette 'mistr-introduction.Rmd' failed with diagnostics:
LaTeX failed to compile /data/gannet/ripley/R/packages/tests-devel/mistr.Rcheck/vign_test/mistr/vignettes/mistr-introduction.tex. See https://yihui.org/tinytex/r/#debugging for debugging tips. See mistr-introduction.log for more info.
--- failed re-building ‘mistr-introduction.Rmd’
SUMMARY: processing the following files failed:
‘mistr-extensions.Rmd’ ‘mistr-introduction.Rmd’
Error: Vignette re-building failed.
Execution halted
Flavor: r-devel-linux-x86_64-fedora-gcc