Last updated on 2025-04-28 18:50:14 CEST.
Flavor | Version | Tinstall | Tcheck | Ttotal | Status | Flags |
---|---|---|---|---|---|---|
r-devel-linux-x86_64-debian-clang | 1.0-4 | 4.02 | 24.80 | 28.82 | OK | |
r-devel-linux-x86_64-debian-gcc | 1.0-4 | 3.02 | 19.61 | 22.63 | NOTE | |
r-devel-linux-x86_64-fedora-clang | 1.0-4 | 43.85 | OK | |||
r-devel-linux-x86_64-fedora-gcc | 1.0-4 | 43.03 | OK | |||
r-devel-windows-x86_64 | 1.0-4 | 7.00 | 54.00 | 61.00 | OK | |
r-patched-linux-x86_64 | 1.0-4 | 3.98 | 23.59 | 27.57 | OK | |
r-release-linux-x86_64 | 1.0-4 | 4.14 | 23.50 | 27.64 | OK | |
r-release-macos-arm64 | 1.0-4 | 20.00 | OK | |||
r-release-macos-x86_64 | 1.0-4 | 45.00 | OK | |||
r-release-windows-x86_64 | 1.0-4 | 7.00 | 53.00 | 60.00 | OK | |
r-oldrel-macos-arm64 | 1.0-4 | 19.00 | OK | |||
r-oldrel-macos-x86_64 | 1.0-4 | 38.00 | OK | |||
r-oldrel-windows-x86_64 | 1.0-4 | 7.00 | 56.00 | 63.00 | OK |
Version: 1.0-4
Check: CRAN incoming feasibility
Result: NOTE
Maintainer: ‘Georgios Papageorgiou <gpapageo@gmail.com>’
Package CITATION file contains call(s) to old-style personList() or
as.personList(). Please use c() on person objects instead.
Package CITATION file contains call(s) to old-style citEntry(). Please
use bibentry() instead.
Flavor: r-devel-linux-x86_64-debian-gcc