CRAN Package Check Results for Package mkssd

Last updated on 2025-04-28 18:50:14 CEST.

Flavor Version Tinstall Tcheck Ttotal Status Flags
r-devel-linux-x86_64-debian-clang 1.2 1.68 16.29 17.97 OK
r-devel-linux-x86_64-debian-gcc 1.2 1.45 13.60 15.05 NOTE
r-devel-linux-x86_64-fedora-clang 1.2 29.00 OK
r-devel-linux-x86_64-fedora-gcc 1.2 27.47 OK
r-devel-windows-x86_64 1.2 3.00 34.00 37.00 OK
r-patched-linux-x86_64 1.2 1.78 16.10 17.88 OK
r-release-linux-x86_64 1.2 1.76 16.04 17.80 OK
r-release-macos-arm64 1.2 15.00 OK
r-release-macos-x86_64 1.2 30.00 OK
r-release-windows-x86_64 1.2 2.00 37.00 39.00 OK
r-oldrel-macos-arm64 1.2 14.00 OK
r-oldrel-macos-x86_64 1.2 19.00 OK
r-oldrel-windows-x86_64 1.2 3.00 34.00 37.00 OK

Check Details

Version: 1.2
Check: CRAN incoming feasibility
Result: NOTE Maintainer: ‘B N Mandal <mandal.stat@gmail.com>’ No Authors@R field in DESCRIPTION. Please add one, modifying Authors@R: person(given = c("B", "N"), family = "Mandal", role = c("aut", "cre"), email = "mandal.stat@gmail.com") as necessary. Flavor: r-devel-linux-x86_64-debian-gcc