Last updated on 2025-07-04 07:49:33 CEST.
Flavor | Version | Tinstall | Tcheck | Ttotal | Status | Flags |
---|---|---|---|---|---|---|
r-devel-linux-x86_64-debian-clang | 3.2-0 | 8.82 | 85.48 | 94.30 | NOTE | |
r-devel-linux-x86_64-debian-gcc | 3.2-0 | 6.31 | 60.80 | 67.11 | NOTE | |
r-devel-linux-x86_64-fedora-clang | 3.2-0 | 148.33 | OK | |||
r-devel-linux-x86_64-fedora-gcc | 3.2-0 | 153.30 | OK | |||
r-devel-windows-x86_64 | 3.2-0 | 11.00 | 88.00 | 99.00 | OK | |
r-patched-linux-x86_64 | 3.2-0 | 8.81 | 80.84 | 89.65 | OK | |
r-release-linux-x86_64 | 3.2-0 | 8.90 | 78.99 | 87.89 | OK | |
r-release-macos-arm64 | 3.2-0 | 60.00 | OK | |||
r-release-macos-x86_64 | 3.2-0 | 94.00 | OK | |||
r-release-windows-x86_64 | 3.2-0 | 10.00 | 87.00 | 97.00 | OK | |
r-oldrel-macos-arm64 | 3.2-0 | 47.00 | OK | |||
r-oldrel-macos-x86_64 | 3.2-0 | 69.00 | OK | |||
r-oldrel-windows-x86_64 | 3.2-0 | 15.00 | 121.00 | 136.00 | OK |
Version: 3.2-0
Check: CRAN incoming feasibility
Result: NOTE
Maintainer: ‘Qingzhao Yu <qyu@lsuhsc.edu>’
No Authors@R field in DESCRIPTION.
Please add one, modifying
Authors@R: c(person(given = "Qingzhao",
family = "Yu",
role = c("aut", "cre"),
email = "qyu@lsuhsc.edu"),
person(given = "Bin",
family = "Li",
role = "aut"))
as necessary.
Flavors: r-devel-linux-x86_64-debian-clang, r-devel-linux-x86_64-debian-gcc