Last updated on 2025-04-30 07:55:14 CEST.
Flavor | Version | Tinstall | Tcheck | Ttotal | Status | Flags |
---|---|---|---|---|---|---|
r-devel-linux-x86_64-debian-clang | 0.9-8 | 9.47 | 176.58 | 186.05 | NOTE | |
r-devel-linux-x86_64-debian-gcc | 0.9-8 | 7.24 | 120.76 | 128.00 | NOTE | |
r-devel-linux-x86_64-fedora-clang | 0.9-8 | 278.17 | OK | |||
r-devel-linux-x86_64-fedora-gcc | 0.9-8 | 270.15 | OK | |||
r-devel-windows-x86_64 | 0.9-8 | 11.00 | 165.00 | 176.00 | OK | |
r-patched-linux-x86_64 | 0.9-8 | 10.93 | 167.49 | 178.42 | OK | |
r-release-linux-x86_64 | 0.9-8 | 9.33 | 167.36 | 176.69 | OK | |
r-release-macos-arm64 | 0.9-8 | 68.00 | OK | |||
r-release-macos-x86_64 | 0.9-8 | 147.00 | OK | |||
r-release-windows-x86_64 | 0.9-8 | 12.00 | 160.00 | 172.00 | OK | |
r-oldrel-macos-arm64 | 0.9-8 | 80.00 | OK | |||
r-oldrel-macos-x86_64 | 0.9-8 | 142.00 | OK | |||
r-oldrel-windows-x86_64 | 0.9-8 | 15.00 | 224.00 | 239.00 | OK |
Version: 0.9-8
Check: examples
Result: NOTE
Examples with CPU (user + system) or elapsed time > 5s
user system elapsed
pmtree 5.306 0.084 6.425
pmforest 4.678 0.074 5.173
pmodel 4.575 0.107 5.877
Flavor: r-devel-linux-x86_64-debian-clang
Version: 0.9-8
Check: examples
Result: NOTE
Examples with CPU (user + system) or elapsed time > 5s
user system elapsed
pmtree 3.328 0.086 5.673
pmforest 3.226 0.112 6.010
Flavor: r-devel-linux-x86_64-debian-gcc