Last updated on 2025-04-28 18:50:15 CEST.
Flavor | Version | Tinstall | Tcheck | Ttotal | Status | Flags |
---|---|---|---|---|---|---|
r-devel-linux-x86_64-debian-clang | 0.3.1 | 6.24 | 68.16 | 74.40 | OK | |
r-devel-linux-x86_64-debian-gcc | 0.3.1 | 4.02 | 52.78 | 56.80 | NOTE | |
r-devel-linux-x86_64-fedora-clang | 0.3.1 | 115.25 | OK | |||
r-devel-linux-x86_64-fedora-gcc | 0.3.1 | 133.31 | OK | |||
r-devel-windows-x86_64 | 0.3.1 | 9.00 | 92.00 | 101.00 | OK | |
r-patched-linux-x86_64 | 0.3.1 | 6.00 | 65.57 | 71.57 | OK | |
r-release-linux-x86_64 | 0.3.1 | 6.39 | 66.02 | 72.41 | OK | |
r-release-macos-arm64 | 0.3.1 | 75.00 | OK | |||
r-release-macos-x86_64 | 0.3.1 | 75.00 | OK | |||
r-release-windows-x86_64 | 0.3.1 | 9.00 | 90.00 | 99.00 | OK | |
r-oldrel-macos-arm64 | 0.3.1 | 38.00 | OK | |||
r-oldrel-macos-x86_64 | 0.3.1 | 62.00 | OK | |||
r-oldrel-windows-x86_64 | 0.3.1 | 10.00 | 108.00 | 118.00 | OK |
Version: 0.3.1
Check: CRAN incoming feasibility
Result: NOTE
Maintainer: ‘Keon-Woong Moon <cardiomoon@gmail.com>’
Package CITATION file contains call(s) to old-style citEntry(). Please
use bibentry() instead.
Flavor: r-devel-linux-x86_64-debian-gcc