Last updated on 2025-04-28 18:50:15 CEST.
Flavor | Version | Tinstall | Tcheck | Ttotal | Status | Flags |
---|---|---|---|---|---|---|
r-devel-linux-x86_64-debian-clang | 0.9.4.0 | 6.59 | 57.69 | 64.28 | NOTE | |
r-devel-linux-x86_64-debian-gcc | 0.9.4.0 | 3.71 | 40.75 | 44.46 | NOTE | |
r-devel-linux-x86_64-fedora-clang | 0.9.4.0 | 95.84 | OK | |||
r-devel-linux-x86_64-fedora-gcc | 0.9.4.0 | 97.27 | OK | |||
r-devel-windows-x86_64 | 0.9.4.0 | 7.00 | 79.00 | 86.00 | NOTE | |
r-patched-linux-x86_64 | 0.9.4.0 | 6.06 | 54.22 | 60.28 | NOTE | |
r-release-linux-x86_64 | 0.9.4.0 | 6.32 | 54.32 | 60.64 | NOTE | |
r-release-macos-arm64 | 0.9.4.0 | 43.00 | OK | |||
r-release-macos-x86_64 | 0.9.4.0 | 61.00 | OK | |||
r-release-windows-x86_64 | 0.9.4.0 | 7.00 | 78.00 | 85.00 | NOTE | |
r-oldrel-macos-arm64 | 0.9.4.0 | 45.00 | OK | |||
r-oldrel-macos-x86_64 | 0.9.4.0 | 65.00 | OK | |||
r-oldrel-windows-x86_64 | 0.9.4.0 | 10.00 | 95.00 | 105.00 | OK |
Version: 0.9.4.0
Check: Rd cross-references
Result: NOTE
Found the following Rd file(s) with Rd \link{} targets missing package
anchors:
make_df.Rd: bind_rows
Please provide package anchors for all Rd \link{} targets not in the
package itself and the base packages.
Flavors: r-devel-linux-x86_64-debian-clang, r-devel-linux-x86_64-debian-gcc, r-devel-windows-x86_64, r-patched-linux-x86_64, r-release-linux-x86_64, r-release-windows-x86_64
Version: 0.9.4.0
Check: CRAN incoming feasibility
Result: NOTE
Maintainer: ‘Randall Pruim <rpruim@calvin.edu>’
No Authors@R field in DESCRIPTION.
Please add one, modifying
Authors@R: c(person(given = "Randall",
family = "Pruim",
role = c("aut", "cre"),
email = "rpruim@calvin.edu"),
person(given = c("Daniel", "T."),
family = "Kaplan",
role = "aut",
email = "kaplan@macalester.edu"),
person(given = c("Nicholas", "J."),
family = "Horton",
role = "aut",
email = "nhorton@amherst.edu"))
as necessary.
Flavor: r-devel-linux-x86_64-debian-gcc